Last updated on 2024-04-28 11:54:59 CEST.
Flavor | Version | Tinstall | Tcheck | Ttotal | Status | Flags |
---|---|---|---|---|---|---|
r-devel-linux-x86_64-debian-clang | 1.0.1 | 19.94 | 141.22 | 161.16 | NOTE | |
r-devel-linux-x86_64-debian-gcc | 1.0.1 | 15.85 | 104.34 | 120.19 | NOTE | |
r-devel-linux-x86_64-fedora-clang | 1.0.1 | 205.72 | NOTE | |||
r-devel-linux-x86_64-fedora-gcc | 1.0.1 | 190.22 | NOTE | |||
r-devel-windows-x86_64 | 1.0.1 | 17.00 | 124.00 | 141.00 | NOTE | |
r-patched-linux-x86_64 | 1.0.1 | 20.14 | 138.28 | 158.42 | NOTE | |
r-release-linux-x86_64 | 1.0.1 | 20.08 | 141.71 | 161.79 | OK | |
r-release-macos-arm64 | 1.0.1 | 52.00 | NOTE | |||
r-release-windows-x86_64 | 1.0.1 | 17.00 | 116.00 | 133.00 | NOTE | |
r-oldrel-macos-arm64 | 1.0.1 | 52.00 | OK | |||
r-oldrel-macos-x86_64 | 1.0.1 | 79.00 | OK | |||
r-oldrel-windows-x86_64 | 1.0.1 | 21.00 | 145.00 | 166.00 | OK |
Version: 1.0.1
Check: Rd files
Result: NOTE
checkRd: (-1) excalibur.Rd:18: Lost braces; missing escapes or markup?
18 | \item{\code{GR}}{a numeric vector: germination rates in d^{-1}}
| ^
checkRd: (-1) festuca.Rd:16: Lost braces; missing escapes or markup?
16 | \item{\code{GR}}{a numeric vector: germination rates in d^{-1}}
| ^
Flavors: r-devel-linux-x86_64-debian-clang, r-devel-linux-x86_64-debian-gcc, r-devel-linux-x86_64-fedora-clang, r-devel-linux-x86_64-fedora-gcc, r-devel-windows-x86_64, r-patched-linux-x86_64, r-release-macos-arm64, r-release-windows-x86_64