CRAN Package Check Results for Package dotCall64

Last updated on 2022-05-26 12:53:37 CEST.

Flavor Version Tinstall Tcheck Ttotal Status Flags
r-devel-linux-x86_64-debian-clang 1.0-1 3.36 34.07 37.43 NOTE
r-devel-linux-x86_64-debian-gcc 1.0-1 2.67 28.50 31.17 NOTE
r-devel-linux-x86_64-fedora-clang 1.0-1 45.32 NOTE
r-devel-linux-x86_64-fedora-gcc 1.0-1 32.68 NOTE
r-devel-windows-x86_64 1.0-1 38.00 52.00 90.00 NOTE
r-patched-linux-x86_64 1.0-1 3.33 31.98 35.31 NOTE
r-release-linux-x86_64 1.0-1 NOTE
r-release-macos-arm64 1.0-1 17.00 OK
r-release-macos-x86_64 1.0-1 25.00 NOTE
r-release-windows-x86_64 1.0-1 28.00 50.00 78.00 NOTE
r-oldrel-macos-arm64 1.0-1 21.00 OK
r-oldrel-macos-x86_64 1.0-1 31.00 OK
r-oldrel-windows-ix86+x86_64 1.0-1 14.00 52.00 66.00 OK

Check Details

Version: 1.0-1
Check: package dependencies
Result: NOTE
    Package suggested but not available for checking: 'OpenMPController'
Flavors: r-devel-linux-x86_64-debian-clang, r-devel-linux-x86_64-debian-gcc, r-devel-linux-x86_64-fedora-clang, r-devel-linux-x86_64-fedora-gcc, r-devel-windows-x86_64, r-patched-linux-x86_64, r-release-linux-x86_64, r-release-macos-x86_64, r-release-windows-x86_64