Last updated on 2024-04-24 12:56:33 CEST.
Flavor | Version | Tinstall | Tcheck | Ttotal | Status | Flags |
---|---|---|---|---|---|---|
r-devel-linux-x86_64-debian-clang | 1.0.8 | 61.83 | 39.18 | 101.01 | NOTE | |
r-devel-linux-x86_64-debian-gcc | 1.0.8 | 49.95 | 29.44 | 79.39 | NOTE | |
r-devel-linux-x86_64-fedora-clang | 1.0.8 | 161.40 | NOTE | |||
r-devel-linux-x86_64-fedora-gcc | 1.0.8 | 147.19 | NOTE | |||
r-devel-windows-x86_64 | 1.0.8 | 51.00 | 70.00 | 121.00 | NOTE | |
r-patched-linux-x86_64 | 1.0.8 | 60.76 | 38.18 | 98.94 | NOTE | |
r-release-linux-x86_64 | 1.0.8 | 62.19 | 38.41 | 100.60 | NOTE | |
r-release-macos-arm64 | 1.0.8 | 38.00 | NOTE | |||
r-release-windows-x86_64 | 1.0.8 | 49.00 | 65.00 | 114.00 | NOTE | |
r-oldrel-macos-arm64 | 1.0.8 | 35.00 | OK | |||
r-oldrel-macos-x86_64 | 1.0.8 | 65.00 | NOTE | |||
r-oldrel-windows-x86_64 | 1.0.8 | 62.00 | 78.00 | 140.00 | OK |
Version: 1.0.8
Check: C++ specification
Result: NOTE
Specified C++11: please drop specification unless essential
Flavors: r-devel-linux-x86_64-debian-clang, r-devel-linux-x86_64-debian-gcc, r-devel-linux-x86_64-fedora-clang, r-devel-linux-x86_64-fedora-gcc, r-devel-windows-x86_64, r-patched-linux-x86_64, r-release-linux-x86_64, r-release-macos-arm64, r-release-windows-x86_64, r-oldrel-macos-x86_64