Last updated on 2024-04-26 06:49:40 CEST.
Flavor | Version | Tinstall | Tcheck | Ttotal | Status | Flags |
---|---|---|---|---|---|---|
r-devel-linux-x86_64-debian-clang | 0.4.0 | 6.37 | 72.36 | 78.73 | NOTE | |
r-devel-linux-x86_64-debian-gcc | 0.4.0 | 3.94 | 52.25 | 56.19 | NOTE | |
r-devel-linux-x86_64-fedora-clang | 0.4.0 | 99.23 | NOTE | |||
r-devel-linux-x86_64-fedora-gcc | 0.4.0 | 90.48 | NOTE | |||
r-devel-windows-x86_64 | 0.4.0 | 8.00 | 74.00 | 82.00 | NOTE | |
r-patched-linux-x86_64 | 0.4.0 | 5.45 | 71.79 | 77.24 | NOTE | |
r-release-linux-x86_64 | 0.4.0 | 5.35 | 71.73 | 77.08 | NOTE | |
r-release-macos-arm64 | 0.4.0 | 27.00 | NOTE | |||
r-release-windows-x86_64 | 0.4.0 | 8.00 | 74.00 | 82.00 | NOTE | |
r-oldrel-macos-arm64 | 0.4.0 | 30.00 | NOTE | |||
r-oldrel-macos-x86_64 | 0.4.0 | 45.00 | NOTE | |||
r-oldrel-windows-x86_64 | 0.4.0 | 8.00 | 83.00 | 91.00 | NOTE |
Version: 0.4.0
Check: LazyData
Result: NOTE
'LazyData' is specified without a 'data' directory
Flavors: r-devel-linux-x86_64-debian-clang, r-devel-linux-x86_64-debian-gcc, r-devel-linux-x86_64-fedora-clang, r-devel-linux-x86_64-fedora-gcc, r-devel-windows-x86_64, r-patched-linux-x86_64, r-release-linux-x86_64, r-release-macos-arm64, r-release-windows-x86_64, r-oldrel-macos-arm64, r-oldrel-macos-x86_64, r-oldrel-windows-x86_64