CRAN Package Check Results for Package doRNG

Last updated on 2020-07-03 03:47:05 CEST.

Flavor Version Tinstall Tcheck Ttotal Status Flags
r-devel-linux-x86_64-debian-clang 1.8.2 2.50 68.75 71.25 OK
r-devel-linux-x86_64-debian-gcc 1.8.2 1.85 54.65 56.50 OK
r-devel-linux-x86_64-fedora-clang 1.8.2 94.42 OK
r-devel-linux-x86_64-fedora-gcc 1.8.2 83.96 OK
r-devel-windows-ix86+x86_64 1.8.2 9.00 108.00 117.00 OK
r-patched-linux-x86_64 1.8.2 2.28 67.69 69.97 OK
r-patched-solaris-x86 1.8.2 136.60 NOTE
r-release-linux-x86_64 1.8.2 2.33 67.77 70.10 OK
r-release-osx-x86_64 1.8.2 NOTE
r-release-windows-ix86+x86_64 1.8.2 6.00 78.00 84.00 OK
r-oldrel-osx-x86_64 1.8.2 NOTE
r-oldrel-windows-ix86+x86_64 1.8.2 5.00 118.00 123.00 OK

Check Details

Version: 1.8.2
Check: package dependencies
Result: NOTE
    Package suggested but not available for checking: ‘doRedis’
Flavor: r-patched-solaris-x86

Version: 1.8.2
Check: package dependencies
Result: NOTE
    Package suggested but not available for checking: ‘doMPI’
Flavors: r-release-osx-x86_64, r-oldrel-osx-x86_64

Version: 1.8.2
Check: Rd cross-references
Result: NOTE
    Package unavailable to check Rd xrefs: ‘doMPI’
Flavors: r-release-osx-x86_64, r-oldrel-osx-x86_64