Last updated on 2022-05-19 12:55:27 CEST.
Flavor | Version | Tinstall | Tcheck | Ttotal | Status | Flags |
---|---|---|---|---|---|---|
r-devel-linux-x86_64-debian-clang | 1.8.2 | 1.73 | 59.97 | 61.70 | NOTE | |
r-devel-linux-x86_64-debian-gcc | 1.8.2 | 2.00 | 47.07 | 49.07 | NOTE | |
r-devel-linux-x86_64-fedora-clang | 1.8.2 | 113.48 | NOTE | |||
r-devel-linux-x86_64-fedora-gcc | 1.8.2 | 111.42 | NOTE | |||
r-devel-windows-x86_64 | 1.8.2 | 9.00 | 126.00 | 135.00 | OK | |
r-patched-linux-x86_64 | 1.8.2 | 4.31 | 58.27 | 62.58 | NOTE | |
r-release-linux-x86_64 | 1.8.2 | 2.29 | 58.98 | 61.27 | NOTE | |
r-release-macos-arm64 | 1.8.2 | 79.00 | NOTE | |||
r-release-macos-x86_64 | 1.8.2 | 90.00 | NOTE | |||
r-release-windows-x86_64 | 1.8.2 | 14.00 | 123.00 | 137.00 | OK | |
r-oldrel-macos-arm64 | 1.8.2 | 84.00 | NOTE | |||
r-oldrel-macos-x86_64 | 1.8.2 | 101.00 | NOTE | |||
r-oldrel-windows-ix86+x86_64 | 1.8.2 | 6.00 | 96.00 | 102.00 | OK |
Version: 1.8.2
Check: package dependencies
Result: NOTE
Suggests orphaned package: 'bibtex'
Flavors: r-devel-linux-x86_64-debian-clang, r-devel-linux-x86_64-debian-gcc, r-devel-linux-x86_64-fedora-clang, r-devel-linux-x86_64-fedora-gcc, r-patched-linux-x86_64, r-release-linux-x86_64
Version: 1.8.2
Check: package dependencies
Result: NOTE
Package suggested but not available for checking: ‘doMPI’
Flavors: r-release-macos-arm64, r-release-macos-x86_64
Version: 1.8.2
Check: Rd cross-references
Result: NOTE
Package unavailable to check Rd xrefs: ‘doMPI’
Flavors: r-release-macos-arm64, r-release-macos-x86_64, r-oldrel-macos-arm64, r-oldrel-macos-x86_64
Version: 1.8.2
Check: package dependencies
Result: NOTE
Packages suggested but not available for checking: 'doMPI', 'doRedis'
Flavors: r-oldrel-macos-arm64, r-oldrel-macos-x86_64