CRAN Package Check Results for Package doBy

Last updated on 2022-01-21 20:48:38 CET.

Flavor Version Tinstall Tcheck Ttotal Status Flags
r-devel-linux-x86_64-debian-clang 4.6.11 13.52 138.34 151.86 OK
r-devel-linux-x86_64-debian-gcc 4.6.11 12.52 103.12 115.64 OK
r-devel-linux-x86_64-fedora-clang 4.6.11 185.74 OK
r-devel-linux-x86_64-fedora-gcc 4.6.11 170.13 OK
r-devel-windows-x86_64-new-UL 4.6.11 75.00 185.00 260.00 OK
r-devel-windows-x86_64-new-TK 4.6.11 OK
r-patched-linux-x86_64 4.6.11 13.28 129.28 142.56 OK
r-release-linux-x86_64 4.6.11 10.99 131.75 142.74 OK
r-release-macos-arm64 4.6.11 NOTE
r-release-macos-x86_64 4.6.11 OK
r-release-windows-ix86+x86_64 4.6.11 30.00 176.00 206.00 OK
r-oldrel-macos-x86_64 4.6.11 OK
r-oldrel-windows-ix86+x86_64 4.6.11 31.00 165.00 196.00 OK

Check Details

Version: 4.6.11
Check: package dependencies
Result: NOTE
    Package suggested but not available for checking: ‘geepack’
Flavor: r-release-macos-arm64