Last updated on 2023-03-23 03:53:17 CET.
Flavor | Version | Tinstall | Tcheck | Ttotal | Status | Flags |
---|---|---|---|---|---|---|
r-devel-linux-x86_64-debian-clang | 2.1-7 | 18.24 | 122.35 | 140.59 | NOTE | |
r-devel-linux-x86_64-debian-gcc | 2.1-7 | 13.07 | 93.18 | 106.25 | NOTE | |
r-devel-linux-x86_64-fedora-clang | 2.1-7 | 177.38 | NOTE | |||
r-devel-linux-x86_64-fedora-gcc | 2.1-7 | 162.99 | NOTE | |||
r-devel-windows-x86_64 | 2.1-7 | 37.00 | 161.00 | 198.00 | NOTE | |
r-patched-linux-x86_64 | 2.1-7 | 17.08 | 113.93 | 131.01 | OK | |
r-release-linux-x86_64 | 2.1-7 | 17.36 | 114.93 | 132.29 | OK | |
r-release-macos-arm64 | 2.1-7 | 44.00 | OK | |||
r-release-macos-x86_64 | 2.1-7 | 60.00 | OK | |||
r-release-windows-x86_64 | 2.1-7 | 52.00 | 168.00 | 220.00 | OK | |
r-oldrel-macos-arm64 | 2.1-7 | 50.00 | OK | |||
r-oldrel-macos-x86_64 | 2.1-7 | 92.00 | OK | |||
r-oldrel-windows-ix86+x86_64 | 2.1-7 | 30.00 | 139.00 | 169.00 | OK |
Version: 2.1-7
Check: Rd \usage sections
Result: NOTE
S3 methods shown with full name in documentation object ‘dmm-internal’:
‘csummary.specific’ ‘dmm.array’ ‘dmm.blockarray’ ‘duplicated.first’
‘gsummary.specific’
The \usage entries for S3 methods should use the \method markup and not
their full name.
See chapter ‘Writing R documentation files’ in the ‘Writing R
Extensions’ manual.
Flavors: r-devel-linux-x86_64-debian-clang, r-devel-linux-x86_64-debian-gcc, r-devel-linux-x86_64-fedora-clang, r-devel-linux-x86_64-fedora-gcc, r-devel-windows-x86_64