Last updated on 2024-03-29 06:56:24 CET.
Flavor | Version | Tinstall | Tcheck | Ttotal | Status | Flags |
---|---|---|---|---|---|---|
r-devel-linux-x86_64-debian-clang | 1.1.0 | 5.11 | 88.55 | 93.66 | NOTE | |
r-devel-linux-x86_64-debian-gcc | 1.1.0 | 6.90 | 65.27 | 72.17 | NOTE | |
r-devel-linux-x86_64-fedora-clang | 1.1.0 | 116.21 | NOTE | |||
r-devel-linux-x86_64-fedora-gcc | 1.1.0 | 115.31 | NOTE | |||
r-devel-windows-x86_64 | 1.1.0 | 8.00 | 80.00 | 88.00 | NOTE | |
r-patched-linux-x86_64 | 1.1.0 | 5.86 | 85.51 | 91.37 | NOTE | |
r-release-linux-x86_64 | 1.1.0 | 8.35 | 87.53 | 95.88 | OK | |
r-release-macos-arm64 | 1.1.0 | 37.00 | OK | |||
r-release-macos-x86_64 | 1.1.0 | 63.00 | OK | |||
r-release-windows-x86_64 | 1.1.0 | 10.00 | 101.00 | 111.00 | OK | |
r-oldrel-macos-arm64 | 1.1.0 | 36.00 | OK | |||
r-oldrel-windows-x86_64 | 1.1.0 | 10.00 | 106.00 | 116.00 | OK |
Version: 1.1.0
Check: Rd files
Result: NOTE
checkRd: (-1) dca.Rd:24: Lost braces; missing escapes or markup?
24 | \eqn{neglinks_{ij} = 1} means chunklet \code{i} and chunklet {j}
| ^
checkRd: (-1) dca.Rd:26: Lost braces; missing escapes or markup?
26 | \eqn{neglinks_{ij} = 0} means chunklet \code{i} and chunklet {j}
| ^
checkRd: (-1) rca.Rd:57: Lost braces; missing escapes or markup?
57 | e.g. {1, 3, 7} and {4, 6}, might belong to the
| ^
checkRd: (-1) rca.Rd:57: Lost braces; missing escapes or markup?
57 | e.g. {1, 3, 7} and {4, 6}, might belong to the
| ^
Flavors: r-devel-linux-x86_64-debian-clang, r-devel-linux-x86_64-debian-gcc, r-devel-linux-x86_64-fedora-clang, r-devel-linux-x86_64-fedora-gcc, r-devel-windows-x86_64, r-patched-linux-x86_64