CRAN Package Check Results for Package dm

Last updated on 2020-07-15 21:48:07 CEST.

Flavor Version Tinstall Tcheck Ttotal Status Flags
r-devel-linux-x86_64-debian-clang 0.1.5 11.70 399.84 411.54 OK
r-devel-linux-x86_64-debian-gcc 0.1.5 8.47 300.58 309.05 OK
r-devel-linux-x86_64-fedora-clang 0.1.5 494.10 OK
r-devel-linux-x86_64-fedora-gcc 0.1.5 467.03 OK
r-devel-windows-ix86+x86_64 0.1.5 24.00 506.00 530.00 OK
r-patched-linux-x86_64 0.1.5 11.70 388.57 400.27 OK
r-patched-solaris-x86 0.1.5 535.30 NOTE
r-release-linux-x86_64 0.1.5 12.87 389.02 401.89 OK
r-release-windows-ix86+x86_64 0.1.5 38.00 542.00 580.00 OK
r-oldrel-macos-x86_64 0.1.5 OK
r-oldrel-windows-ix86+x86_64 0.1.5 31.00 523.00 554.00 OK

Check Details

Version: 0.1.5
Check: package dependencies
Result: NOTE
    Package suggested but not available for checking: ‘RPostgres’
Flavor: r-patched-solaris-x86