CRAN Package Check Results for Package dlib

Last updated on 2022-05-26 12:53:37 CEST.

Flavor Version Tinstall Tcheck Ttotal Status Flags
r-devel-linux-x86_64-debian-clang 1.0.3.1 11.18 39.47 50.65 OK
r-devel-linux-x86_64-debian-gcc 1.0.3.1 8.74 34.34 43.08 OK
r-devel-linux-x86_64-fedora-clang 1.0.3.1 64.46 NOTE
r-devel-linux-x86_64-fedora-gcc 1.0.3.1 60.41 OK
r-devel-windows-x86_64 1.0.3.1 1044.00 102.00 1146.00 NOTE
r-patched-linux-x86_64 1.0.3.1 10.52 38.32 48.84 OK
r-release-linux-x86_64 1.0.3.1 OK
r-release-macos-arm64 1.0.3.1 24.00 NOTE
r-release-macos-x86_64 1.0.3.1 34.00 NOTE
r-release-windows-x86_64 1.0.3.1 1136.00 93.00 1229.00 NOTE
r-oldrel-macos-arm64 1.0.3.1 30.00 NOTE
r-oldrel-macos-x86_64 1.0.3.1 50.00 NOTE
r-oldrel-windows-ix86+x86_64 1.0.3.1 33.00 97.00 130.00 NOTE

Check Details

Version: 1.0.3.1
Check: installed package size
Result: NOTE
     installed size is 16.6Mb
     sub-directories of 1Mb or more:
     include 16.3Mb
Flavors: r-devel-linux-x86_64-fedora-clang, r-devel-windows-x86_64, r-release-macos-arm64, r-release-macos-x86_64, r-release-windows-x86_64, r-oldrel-macos-arm64, r-oldrel-macos-x86_64, r-oldrel-windows-ix86+x86_64