CRAN Package Check Results for Package dkanr

Last updated on 2022-09-28 12:55:15 CEST.

Flavor Version Tinstall Tcheck Ttotal Status Flags
r-devel-linux-x86_64-debian-clang 0.1.3 4.17 77.22 81.39 NOTE
r-devel-linux-x86_64-debian-gcc 0.1.3 2.77 58.50 61.27 NOTE
r-devel-linux-x86_64-fedora-clang 0.1.3 110.99 NOTE
r-devel-linux-x86_64-fedora-gcc 0.1.3 105.26 NOTE
r-devel-windows-x86_64 0.1.3 428.00 139.00 567.00 NOTE
r-patched-linux-x86_64 0.1.3 4.05 75.21 79.26 NOTE
r-release-linux-x86_64 0.1.3 4.12 74.87 78.99 NOTE
r-release-macos-arm64 0.1.3 35.00 NOTE
r-release-macos-x86_64 0.1.3 59.00 NOTE
r-release-windows-x86_64 0.1.3 420.00 132.00 552.00 NOTE
r-oldrel-macos-arm64 0.1.3 38.00 NOTE
r-oldrel-macos-x86_64 0.1.3 61.00 NOTE
r-oldrel-windows-ix86+x86_64 0.1.3 8.00 134.00 142.00 NOTE

Check Details

Version: 0.1.3
Check: LazyData
Result: NOTE
     'LazyData' is specified without a 'data' directory
Flavors: r-devel-linux-x86_64-debian-clang, r-devel-linux-x86_64-debian-gcc, r-devel-linux-x86_64-fedora-clang, r-devel-linux-x86_64-fedora-gcc, r-devel-windows-x86_64, r-patched-linux-x86_64, r-release-linux-x86_64, r-release-macos-arm64, r-release-macos-x86_64, r-release-windows-x86_64, r-oldrel-macos-arm64, r-oldrel-macos-x86_64, r-oldrel-windows-ix86+x86_64