CRAN Package Check Results for Package diveRsity

Last updated on 2020-03-31 21:47:40 CEST.

Flavor Version Tinstall Tcheck Ttotal Status Flags
r-devel-linux-x86_64-debian-clang 1.9.90 171.42 164.51 335.93 NOTE
r-devel-linux-x86_64-debian-gcc 1.9.90 97.92 127.08 225.00 NOTE
r-devel-linux-x86_64-fedora-clang 1.9.90 429.73 NOTE
r-devel-linux-x86_64-fedora-gcc 1.9.90 380.81 NOTE
r-devel-windows-ix86+x86_64 1.9.90 315.00 213.00 528.00 OK
r-devel-windows-ix86+x86_64-gcc8 1.9.90 304.00 206.00 510.00 OK
r-patched-linux-x86_64 1.9.90 124.86 155.98 280.84 NOTE
r-patched-solaris-x86 1.9.90 448.70 NOTE
r-release-linux-x86_64 1.9.90 103.10 146.32 249.42 NOTE
r-release-windows-ix86+x86_64 1.9.90 421.00 329.00 750.00 OK
r-release-osx-x86_64 1.9.90 OK
r-oldrel-windows-ix86+x86_64 1.9.90 353.00 291.00 644.00 OK
r-oldrel-osx-x86_64 1.9.90 OK

Check Details

Version: 1.9.90
Check: package dependencies
Result: NOTE
    Package suggested but not available for checking: 'HWxtest'
Flavors: r-devel-linux-x86_64-debian-clang, r-devel-linux-x86_64-debian-gcc, r-devel-linux-x86_64-fedora-clang, r-devel-linux-x86_64-fedora-gcc, r-patched-linux-x86_64, r-patched-solaris-x86, r-release-linux-x86_64

Version: 1.9.90
Check: installed package size
Result: NOTE
     installed size is 7.2Mb
     sub-directories of 1Mb or more:
     libs 5.7Mb
Flavor: r-devel-linux-x86_64-fedora-clang