Last updated on 2023-06-09 11:57:21 CEST.
Flavor | Version | Tinstall | Tcheck | Ttotal | Status | Flags |
---|---|---|---|---|---|---|
r-devel-linux-x86_64-debian-clang | 2.8.1 | 20.35 | 66.09 | 86.44 | OK | |
r-devel-linux-x86_64-debian-gcc | 2.8.1 | 17.29 | 50.46 | 67.75 | OK | |
r-devel-linux-x86_64-fedora-clang | 2.8.1 | 110.16 | NOTE | |||
r-devel-linux-x86_64-fedora-gcc | 2.8.1 | 105.16 | OK | |||
r-devel-windows-x86_64 | 2.8.1 | 17.00 | 74.00 | 91.00 | OK | |
r-patched-linux-x86_64 | 2.8.1 | 23.82 | 62.90 | 86.72 | OK | |
r-release-linux-x86_64 | 2.8.1 | 22.87 | 61.75 | 84.62 | OK | |
r-release-macos-arm64 | 2.8.1 | 34.00 | OK | |||
r-release-macos-x86_64 | 2.8.1 | 56.00 | OK | |||
r-release-windows-x86_64 | 2.8.1 | 23.00 | 82.00 | 105.00 | OK | |
r-oldrel-macos-arm64 | 2.8.1 | 35.00 | OK | |||
r-oldrel-macos-x86_64 | 2.8.1 | 45.00 | OK | |||
r-oldrel-windows-x86_64 | 2.8.1 | 25.00 | 83.00 | 108.00 | OK |
Version: 2.8.1
Check: Rd cross-references
Result: NOTE
Undeclared package ‘distr’ in Rd xrefs
Flavor: r-devel-linux-x86_64-fedora-clang