CRAN Package Check Results for Package distory

Last updated on 2020-03-28 21:47:43 CET.

Flavor Version Tinstall Tcheck Ttotal Status Flags
r-devel-linux-x86_64-debian-clang 1.4.3 NOTE
r-devel-linux-x86_64-debian-gcc 1.4.3 9.29 42.51 51.80 NOTE
r-devel-linux-x86_64-fedora-clang 1.4.3 89.11 NOTE
r-devel-linux-x86_64-fedora-gcc 1.4.3 80.16 NOTE
r-devel-windows-ix86+x86_64 1.4.3 28.00 100.00 128.00 NOTE
r-devel-windows-ix86+x86_64-gcc8 1.4.3 23.00 117.00 140.00 NOTE
r-patched-linux-x86_64 1.4.3 10.02 54.08 64.10 NOTE
r-patched-solaris-x86 1.4.3 146.80 NOTE
r-release-linux-x86_64 1.4.3 10.84 52.17 63.01 NOTE
r-release-windows-ix86+x86_64 1.4.3 38.00 131.00 169.00 NOTE
r-release-osx-x86_64 1.4.3 NOTE
r-oldrel-windows-ix86+x86_64 1.4.3 31.00 141.00 172.00 NOTE
r-oldrel-osx-x86_64 1.4.3 NOTE

Check Details

Version: 1.4.3
Check: DESCRIPTION meta-information
Result: NOTE
    Deprecated license: BSD
Flavors: r-devel-linux-x86_64-debian-clang, r-devel-linux-x86_64-debian-gcc, r-devel-linux-x86_64-fedora-clang, r-devel-linux-x86_64-fedora-gcc, r-patched-linux-x86_64, r-patched-solaris-x86, r-release-linux-x86_64, r-release-osx-x86_64, r-oldrel-osx-x86_64

Version: 1.4.3
Check: R code for possible problems
Result: NOTE
    dist.multiPhylo: no visible global function definition for 'as.dist'
    gromov.hyperbolicity: no visible global function definition for
     'as.dist'
    mcmc.target.seq: no visible global function definition for 'runif'
    phylo.diff: no visible global function definition for 'par'
    Undefined global functions or variables:
     as.dist par runif
    Consider adding
     importFrom("graphics", "par")
     importFrom("stats", "as.dist", "runif")
    to your NAMESPACE file.
Flavors: r-devel-linux-x86_64-debian-clang, r-devel-linux-x86_64-debian-gcc, r-devel-linux-x86_64-fedora-clang, r-devel-linux-x86_64-fedora-gcc, r-devel-windows-ix86+x86_64, r-patched-linux-x86_64, r-patched-solaris-x86

Version: 1.4.3
Check: compiled code
Result: NOTE
    File ‘distory/libs/distory.so’:
     Found no calls to: ‘R_registerRoutines’, ‘R_useDynamicSymbols’
    
    It is good practice to register native routines and to disable symbol
    search.
    
    See ‘Writing portable packages’ in the ‘Writing R Extensions’ manual.
Flavors: r-devel-linux-x86_64-fedora-clang, r-devel-linux-x86_64-fedora-gcc

Version: 1.4.3
Check: R code for possible problems
Result: NOTE
    dist.multiPhylo: no visible global function definition for 'as.dist'
    gromov.hyperbolicity: no visible global function definition for
     'as.dist'
    mcmc.target.seq: no visible global function definition for 'runif'
    phylo.diff: no visible global function definition for 'par'
    phylo.diff: no visible global function definition for 'plot'
    Undefined global functions or variables:
     as.dist par plot runif
    Consider adding
     importFrom("graphics", "par", "plot")
     importFrom("stats", "as.dist", "runif")
    to your NAMESPACE file.
Flavors: r-devel-windows-ix86+x86_64-gcc8, r-release-linux-x86_64, r-release-windows-ix86+x86_64, r-release-osx-x86_64, r-oldrel-windows-ix86+x86_64, r-oldrel-osx-x86_64