CRAN Package Check Results for Package distcrete

Last updated on 2025-01-19 06:48:20 CET.

Flavor Version Tinstall Tcheck Ttotal Status Flags
r-devel-linux-x86_64-debian-clang 1.0.3 1.66 24.17 25.83 OK
r-devel-linux-x86_64-debian-gcc 1.0.3 1.44 19.30 20.74 OK
r-devel-linux-x86_64-fedora-clang 1.0.3 43.24 OK
r-devel-linux-x86_64-fedora-gcc 1.0.3 55.91 OK
r-devel-windows-x86_64 1.0.3 2.00 44.00 46.00 OK
r-patched-linux-x86_64 1.0.3 1.63 23.04 24.67 NOTE
r-release-linux-x86_64 1.0.3 1.64 22.79 24.43 NOTE
r-release-macos-arm64 1.0.3 21.00 NOTE
r-release-macos-x86_64 1.0.3 33.00 NOTE
r-release-windows-x86_64 1.0.3 2.00 44.00 46.00 NOTE
r-oldrel-macos-arm64 1.0.3 22.00 NOTE
r-oldrel-macos-x86_64 1.0.3 33.00 NOTE
r-oldrel-windows-x86_64 1.0.3 3.00 47.00 50.00 NOTE

Check Details

Version: 1.0.3
Check: LazyData
Result: NOTE 'LazyData' is specified without a 'data' directory Flavors: r-patched-linux-x86_64, r-release-linux-x86_64, r-release-macos-arm64, r-release-macos-x86_64, r-release-windows-x86_64, r-oldrel-macos-arm64, r-oldrel-macos-x86_64, r-oldrel-windows-x86_64