CRAN Package Check Results for Package distance.sample.size

Last updated on 2023-03-30 21:49:50 CEST.

Flavor Version Tinstall Tcheck Ttotal Status Flags
r-devel-linux-x86_64-debian-clang 0.0 1.99 22.57 24.56 NOTE
r-devel-linux-x86_64-debian-gcc 0.0 1.69 17.90 19.59 NOTE
r-devel-linux-x86_64-fedora-clang 0.0 32.42 NOTE
r-devel-linux-x86_64-fedora-gcc 0.0 29.89 NOTE
r-devel-windows-x86_64 0.0 25.00 0.00 25.00 NOTE
r-patched-linux-x86_64 0.0 1.94 22.08 24.02 NOTE
r-release-linux-x86_64 0.0 1.66 23.01 24.67 NOTE
r-release-macos-arm64 0.0 15.00 NOTE
r-release-macos-x86_64 0.0 22.00 NOTE
r-release-windows-x86_64 0.0 27.00 58.00 85.00 NOTE
r-oldrel-macos-arm64 0.0 15.00 NOTE
r-oldrel-macos-x86_64 0.0 28.00 NOTE
r-oldrel-windows-ix86+x86_64 0.0 4.00 47.00 51.00 NOTE

Check Details

Version: 0.0
Check: LazyData
Result: NOTE
     'LazyData' is specified without a 'data' directory
Flavors: r-devel-linux-x86_64-debian-clang, r-devel-linux-x86_64-debian-gcc, r-devel-linux-x86_64-fedora-clang, r-devel-linux-x86_64-fedora-gcc, r-devel-windows-x86_64, r-patched-linux-x86_64, r-release-linux-x86_64, r-release-macos-arm64, r-release-macos-x86_64, r-release-windows-x86_64, r-oldrel-macos-arm64, r-oldrel-macos-x86_64, r-oldrel-windows-ix86+x86_64