Last updated on 2024-04-19 21:56:26 CEST.
Flavor | Version | Tinstall | Tcheck | Ttotal | Status | Flags |
---|---|---|---|---|---|---|
r-devel-linux-x86_64-debian-clang | 1.3-14 | 63.54 | 396.96 | 460.50 | NOTE | |
r-devel-linux-x86_64-debian-gcc | 1.3-14 | NOTE | ||||
r-devel-linux-x86_64-fedora-clang | 1.3-14 | 555.99 | NOTE | |||
r-devel-linux-x86_64-fedora-gcc | 1.3-14 | 538.76 | NOTE | |||
r-prerel-macos-arm64 | 1.3-14 | 122.00 | NOTE | |||
r-prerel-windows-x86_64 | 1.3-14 | 50.00 | 242.00 | 292.00 | NOTE | --no-vignettes |
r-patched-linux-x86_64 | 1.3-14 | 63.71 | 365.07 | 428.78 | NOTE | |
r-release-linux-x86_64 | 1.3-14 | 55.45 | 365.42 | 420.87 | OK | |
r-release-macos-arm64 | 1.3-14 | 119.00 | OK | |||
r-release-macos-x86_64 | 1.3-14 | 412.00 | OK | |||
r-release-windows-x86_64 | 1.3-14 | 67.00 | 264.00 | 331.00 | OK | --no-vignettes |
r-oldrel-macos-arm64 | 1.3-14 | 115.00 | OK | |||
r-oldrel-windows-x86_64 | 1.3-14 | 70.00 | 271.00 | 341.00 | OK | --no-vignettes |
Version: 1.3-14
Check: Rd files
Result: NOTE
checkRd: (-1) mess.Rd:28: Lost braces
28 | Elith J., M. Kearney M., and S. Phillips, 2010. The art of modelling range-shifting species. \doi{10.1111/j.2041-210X.2010.00036.x}{Methods in Ecology and Evolution 1:330-342}.
| ^
Flavors: r-devel-linux-x86_64-debian-clang, r-devel-linux-x86_64-debian-gcc, r-devel-linux-x86_64-fedora-clang, r-devel-linux-x86_64-fedora-gcc, r-prerel-macos-arm64, r-patched-linux-x86_64
Version: 1.3-14
Check: data for non-ASCII characters
Result: NOTE
Note: found 106 marked UTF-8 strings
Flavors: r-devel-linux-x86_64-fedora-clang, r-devel-linux-x86_64-fedora-gcc
Version: 1.3-14
Flags: --no-vignettes
Check: Rd files
Result: NOTE
checkRd: (-1) mess.Rd:28: Lost braces
28 | Elith J., M. Kearney M., and S. Phillips, 2010. The art of modelling range-shifting species. \doi{10.1111/j.2041-210X.2010.00036.x}{Methods in Ecology and Evolution 1:330-342}.
| ^
Flavor: r-prerel-windows-x86_64