Last updated on 2025-02-22 12:50:22 CET.
Flavor | Version | Tinstall | Tcheck | Ttotal | Status | Flags |
---|---|---|---|---|---|---|
r-devel-linux-x86_64-debian-clang | 0.8.3 | 23.68 | 116.61 | 140.29 | NOTE | |
r-devel-linux-x86_64-debian-gcc | 0.8.3 | 16.42 | 82.47 | 98.89 | NOTE | |
r-devel-linux-x86_64-fedora-clang | 0.8.3 | 212.84 | NOTE | |||
r-devel-linux-x86_64-fedora-gcc | 0.8.3 | 202.87 | NOTE | |||
r-devel-macos-arm64 | 0.8.3 | 65.00 | NOTE | |||
r-devel-macos-x86_64 | 0.8.3 | 121.00 | NOTE | |||
r-devel-windows-x86_64 | 0.8.3 | 27.00 | 158.00 | 185.00 | NOTE | |
r-patched-linux-x86_64 | 0.8.3 | 22.71 | 103.71 | 126.42 | NOTE | |
r-release-linux-x86_64 | 0.8.3 | 23.02 | 104.11 | 127.13 | NOTE | |
r-release-macos-arm64 | 0.8.3 | 62.00 | NOTE | |||
r-release-macos-x86_64 | 0.8.3 | 96.00 | NOTE | |||
r-release-windows-x86_64 | 0.8.3 | 29.00 | 150.00 | 179.00 | NOTE | |
r-oldrel-macos-arm64 | 0.8.3 | 68.00 | OK | |||
r-oldrel-macos-x86_64 | 0.8.3 | 142.00 | OK | |||
r-oldrel-windows-x86_64 | 0.8.3 | 34.00 | 189.00 | 223.00 | OK |
Version: 0.8.3
Check: Rd files
Result: NOTE
checkRd: (-1) csv_to_disk.frame.Rd:56: Lost braces; missing escapes or markup?
56 | strings, and you are encouraged to use {fasttime} to convert the strings to
| ^
checkRd: (-1) purrr_as_mapper.Rd:10: Lost braces; missing escapes or markup?
10 | \item{.f}{a normal function or purrr syntax function i.e. `~{ ...code...}`}
| ^
Flavors: r-devel-linux-x86_64-debian-clang, r-devel-linux-x86_64-debian-gcc, r-devel-linux-x86_64-fedora-clang, r-devel-linux-x86_64-fedora-gcc, r-devel-macos-arm64, r-devel-macos-x86_64, r-devel-windows-x86_64, r-patched-linux-x86_64, r-release-linux-x86_64, r-release-macos-arm64, r-release-macos-x86_64, r-release-windows-x86_64