CRAN Package Check Results for Package disk.frame

Last updated on 2020-07-15 06:47:59 CEST.

Flavor Version Tinstall Tcheck Ttotal Status Flags
r-devel-linux-x86_64-debian-clang 0.3.7 28.21 125.15 153.36 OK
r-devel-linux-x86_64-debian-gcc 0.3.7 21.52 87.70 109.22 OK
r-devel-linux-x86_64-fedora-clang 0.3.7 187.23 OK
r-devel-linux-x86_64-fedora-gcc 0.3.7 173.58 OK
r-devel-windows-ix86+x86_64 0.3.7 66.00 270.00 336.00 OK
r-patched-linux-x86_64 0.3.7 23.38 111.36 134.74 OK
r-patched-solaris-x86 0.3.7 217.40 OK
r-release-linux-x86_64 0.3.7 24.83 110.58 135.41 OK
r-release-macos-x86_64 0.3.7 ERROR
r-release-windows-ix86+x86_64 0.3.7 81.00 292.00 373.00 OK
r-oldrel-macos-x86_64 0.3.7 OK
r-oldrel-windows-ix86+x86_64 0.3.7 80.00 300.00 380.00 OK

Check Details

Version: 0.3.7
Check: whether package can be installed
Result: ERROR
    Installation failed.
Flavor: r-release-macos-x86_64