Last updated on 2025-01-17 12:55:26 CET.
Flavor | Version | Tinstall | Tcheck | Ttotal | Status | Flags |
---|---|---|---|---|---|---|
r-devel-linux-x86_64-debian-clang | 0.1.2 | 16.07 | 37.16 | 53.23 | NOTE | |
r-devel-linux-x86_64-debian-gcc | 0.1.2 | 12.80 | 26.59 | 39.39 | NOTE | |
r-devel-linux-x86_64-fedora-clang | 0.1.2 | 99.45 | NOTE | |||
r-devel-linux-x86_64-fedora-gcc | 0.1.2 | 110.48 | NOTE | |||
r-devel-windows-x86_64 | 0.1.2 | 20.00 | 78.00 | 98.00 | NOTE | |
r-patched-linux-x86_64 | 0.1.2 | 17.55 | 36.01 | 53.56 | NOTE | |
r-release-linux-x86_64 | 0.1.2 | 17.72 | 35.42 | 53.14 | NOTE | |
r-release-macos-arm64 | 0.1.2 | 35.00 | NOTE | |||
r-release-macos-x86_64 | 0.1.2 | 49.00 | NOTE | |||
r-release-windows-x86_64 | 0.1.2 | 20.00 | 74.00 | 94.00 | NOTE | |
r-oldrel-macos-arm64 | 0.1.2 | 39.00 | NOTE | |||
r-oldrel-macos-x86_64 | 0.1.2 | 62.00 | NOTE | |||
r-oldrel-windows-x86_64 | 0.1.2 | 20.00 | 83.00 | 103.00 | NOTE |
Version: 0.1.2
Check: C++ specification
Result: NOTE
Specified C++11: please drop specification unless essential
Flavors: r-devel-linux-x86_64-debian-clang, r-devel-linux-x86_64-debian-gcc, r-devel-linux-x86_64-fedora-clang, r-devel-linux-x86_64-fedora-gcc, r-devel-windows-x86_64, r-patched-linux-x86_64, r-release-linux-x86_64, r-release-macos-arm64, r-release-macos-x86_64, r-release-windows-x86_64, r-oldrel-macos-arm64, r-oldrel-macos-x86_64, r-oldrel-windows-x86_64