Last updated on 2024-03-28 12:50:32 CET.
Flavor | Version | Tinstall | Tcheck | Ttotal | Status | Flags |
---|---|---|---|---|---|---|
r-devel-linux-x86_64-debian-clang | 1.2.2 | 2.77 | 36.95 | 39.72 | NOTE | |
r-devel-linux-x86_64-debian-gcc | 1.2.2 | 2.96 | 28.03 | 30.99 | NOTE | |
r-devel-linux-x86_64-fedora-clang | 1.2.2 | 51.27 | NOTE | |||
r-devel-linux-x86_64-fedora-gcc | 1.2.2 | 98.05 | NOTE | |||
r-devel-windows-x86_64 | 1.2.2 | 4.00 | 53.00 | 57.00 | NOTE | |
r-patched-linux-x86_64 | 1.2.2 | 4.06 | 35.98 | 40.04 | NOTE | |
r-release-linux-x86_64 | 1.2.2 | 3.26 | 34.80 | 38.06 | NOTE | |
r-release-macos-arm64 | 1.2.2 | 32.00 | NOTE | |||
r-release-macos-x86_64 | 1.2.2 | 50.00 | NOTE | |||
r-release-windows-x86_64 | 1.2.2 | 5.00 | 55.00 | 60.00 | NOTE | |
r-oldrel-macos-arm64 | 1.2.2 | 27.00 | NOTE | |||
r-oldrel-windows-x86_64 | 1.2.2 | 5.00 | 57.00 | 62.00 | NOTE |
Version: 1.2.2
Check: Rd metadata
Result: NOTE
Invalid package aliases in Rd file 'RV.Rd':
‘RV-package’
Flavors: r-devel-linux-x86_64-debian-clang, r-devel-linux-x86_64-debian-gcc, r-devel-linux-x86_64-fedora-clang, r-devel-linux-x86_64-fedora-gcc, r-devel-windows-x86_64, r-patched-linux-x86_64
Version: 1.2.2
Check: LazyData
Result: NOTE
'LazyData' is specified without a 'data' directory
Flavors: r-devel-linux-x86_64-debian-clang, r-devel-linux-x86_64-debian-gcc, r-devel-linux-x86_64-fedora-clang, r-devel-linux-x86_64-fedora-gcc, r-devel-windows-x86_64, r-patched-linux-x86_64, r-release-linux-x86_64, r-release-macos-arm64, r-release-macos-x86_64, r-release-windows-x86_64, r-oldrel-macos-arm64, r-oldrel-windows-x86_64