Last updated on 2023-03-30 21:49:50 CEST.
Flavor | Version | Tinstall | Tcheck | Ttotal | Status | Flags |
---|---|---|---|---|---|---|
r-devel-linux-x86_64-debian-clang | 0.0.1 | 2.79 | 47.21 | 50.00 | OK | |
r-devel-linux-x86_64-debian-gcc | 0.0.1 | 2.05 | 35.02 | 37.07 | OK | |
r-devel-linux-x86_64-fedora-clang | 0.0.1 | 61.37 | NOTE | |||
r-devel-linux-x86_64-fedora-gcc | 0.0.1 | 69.28 | NOTE | |||
r-devel-windows-x86_64 | 0.0.1 | 182.00 | 83.00 | 265.00 | OK | |
r-patched-linux-x86_64 | 0.0.1 | 3.05 | 44.15 | 47.20 | OK | |
r-release-linux-x86_64 | 0.0.1 | 2.25 | 45.12 | 47.37 | OK | |
r-release-macos-arm64 | 0.0.1 | 24.00 | NOTE | |||
r-release-macos-x86_64 | 0.0.1 | 46.00 | NOTE | |||
r-release-windows-x86_64 | 0.0.1 | 113.00 | 79.00 | 192.00 | OK | |
r-oldrel-macos-arm64 | 0.0.1 | 32.00 | NOTE | |||
r-oldrel-macos-x86_64 | 0.0.1 | 46.00 | NOTE | |||
r-oldrel-windows-ix86+x86_64 | 0.0.1 | 7.00 | 81.00 | 88.00 | OK |
Version: 0.0.1
Check: dependencies in R code
Result: NOTE
Namespaces in Imports field not imported from:
‘dplyr’ ‘readr’
All declared Imports should be used.
Flavors: r-devel-linux-x86_64-fedora-clang, r-devel-linux-x86_64-fedora-gcc, r-release-macos-arm64, r-release-macos-x86_64, r-oldrel-macos-arm64, r-oldrel-macos-x86_64