CRAN Package Check Results for Package discfrail

Last updated on 2024-07-21 21:48:55 CEST.

Flavor Version Tinstall Tcheck Ttotal Status Flags
r-devel-linux-x86_64-debian-clang 0.1 11.66 114.34 126.00 OK
r-devel-linux-x86_64-debian-gcc 0.1 6.91 85.82 92.73 NOTE
r-devel-linux-x86_64-fedora-clang 0.1 156.12 OK
r-devel-linux-x86_64-fedora-gcc 0.1 158.80 OK
r-devel-windows-x86_64 0.1 9.00 133.00 142.00 NOTE
r-patched-linux-x86_64 0.1 10.63 110.66 121.29 OK
r-release-linux-x86_64 0.1 10.35 108.69 119.04 OK
r-release-macos-arm64 0.1 54.00 OK
r-release-macos-x86_64 0.1 83.00 OK
r-release-windows-x86_64 0.1 8.00 131.00 139.00 OK
r-oldrel-macos-arm64 0.1 57.00 OK
r-oldrel-macos-x86_64 0.1 99.00 OK
r-oldrel-windows-x86_64 0.1 11.00 143.00 154.00 OK

Check Details

Version: 0.1
Check: Rd cross-references
Result: NOTE Found the following Rd file(s) with Rd \link{} targets missing package anchors: nelsonaalen_npdf.Rd: survfit npdf_cox.Rd: Surv plot.npdf.Rd: survfit.formula, plot.survfit survfit_npdf.Rd: survfit.formula Please provide package anchors for all Rd \link{} targets not in the package itself and the base packages. Flavors: r-devel-linux-x86_64-debian-gcc, r-devel-windows-x86_64