Last updated on 2024-03-29 12:54:03 CET.
Flavor | Version | Tinstall | Tcheck | Ttotal | Status | Flags |
---|---|---|---|---|---|---|
r-devel-linux-x86_64-debian-clang | 2.0.0 | 15.06 | 191.57 | 206.63 | NOTE | |
r-devel-linux-x86_64-debian-gcc | 2.0.0 | 12.96 | 142.12 | 155.08 | NOTE | |
r-devel-linux-x86_64-fedora-clang | 2.0.0 | 266.86 | NOTE | |||
r-devel-linux-x86_64-fedora-gcc | 2.0.0 | 256.08 | NOTE | |||
r-devel-windows-x86_64 | 2.0.0 | 14.00 | 166.00 | 180.00 | NOTE | |
r-patched-linux-x86_64 | 2.0.0 | 11.65 | 184.37 | 196.02 | NOTE | |
r-release-linux-x86_64 | 2.0.0 | 10.53 | 185.77 | 196.30 | NOTE | |
r-release-macos-arm64 | 2.0.0 | 80.00 | NOTE | |||
r-release-macos-x86_64 | 2.0.0 | 162.00 | NOTE | |||
r-release-windows-x86_64 | 2.0.0 | 19.00 | 210.00 | 229.00 | NOTE | |
r-oldrel-macos-arm64 | 2.0.0 | 75.00 | OK | |||
r-oldrel-windows-x86_64 | 2.0.0 | 21.00 | 202.00 | 223.00 | OK |
Version: 2.0.0
Check: Rd files
Result: NOTE
checkRd: (-1) cIndex.Rd:32: Lost braces; missing escapes or markup?
32 | [a_{q-1}, a_q) are available.
| ^
checkRd: (-1) cIndexCompRisks.Rd:31: Lost braces; missing escapes or markup?
31 | [a_{q-1}, a_q) are available.
| ^
checkRd: (-1) dataCensoring.Rd:78: Escaped LaTeX specials: \&
checkRd: (-1) dataLong.Rd:170: Escaped LaTeX specials: \&
checkRd: (-1) dataLongCompRisksTimeDep.Rd:130: Escaped LaTeX specials: \&
checkRd: (-1) dataLongMultiSpell.Rd:123: Escaped LaTeX specials: \&
checkRd: (-1) dataLongTimeDep.Rd:96: Escaped LaTeX specials: \&
checkRd: (-1) estMargProb.Rd:23: Lost braces; missing escapes or markup?
23 | a_2), ..., [a_{q-1}, a_q), [a_q, Inf).
| ^
checkRd: (-1) estMargProbCompRisks.Rd:24: Lost braces; missing escapes or markup?
24 | a_2), ..., [a_{q-1}, a_q), [a_q, Inf).
| ^
checkRd: (-1) estSurv.Rd:23: Lost braces; missing escapes or markup?
23 | a_2), ..., [a_{q-1}, a_q), [a_q, Inf).
| ^
checkRd: (-1) estSurvCompRisks.Rd:24: Lost braces; missing escapes or markup?
24 | a_2), ..., [a_{q-1}, a_q), [a_q, Inf).
| ^
checkRd: (-1) lifeTable.Rd:21: Lost braces; missing escapes or markup?
21 | [a_0, a_1), [a_1, a_2), ..., [a_{q-1}, a_q) ("character vector")}
| ^
Flavors: r-devel-linux-x86_64-debian-clang, r-devel-linux-x86_64-debian-gcc, r-devel-linux-x86_64-fedora-clang, r-devel-linux-x86_64-fedora-gcc, r-devel-windows-x86_64, r-patched-linux-x86_64
Version: 2.0.0
Check: Rd cross-references
Result: NOTE
Undeclared package ‘Hmisc’ in Rd xrefs
Flavor: r-devel-linux-x86_64-fedora-clang
Version: 2.0.0
Check: Rd files
Result: NOTE
checkRd: (-1) dataCensoring.Rd:78: Escaped LaTeX specials: \&
checkRd: (-1) dataLong.Rd:170: Escaped LaTeX specials: \&
checkRd: (-1) dataLongCompRisksTimeDep.Rd:130: Escaped LaTeX specials: \&
checkRd: (-1) dataLongMultiSpell.Rd:123: Escaped LaTeX specials: \&
checkRd: (-1) dataLongTimeDep.Rd:96: Escaped LaTeX specials: \&
Flavors: r-release-linux-x86_64, r-release-macos-arm64, r-release-macos-x86_64, r-release-windows-x86_64