Last updated on 2024-05-08 03:52:11 CEST.
Flavor | Version | Tinstall | Tcheck | Ttotal | Status | Flags |
---|---|---|---|---|---|---|
r-devel-linux-x86_64-debian-clang | 0.3.0 | 112.11 | 163.24 | 275.35 | NOTE | |
r-devel-linux-x86_64-debian-gcc | 0.3.0 | 110.21 | 124.07 | 234.28 | NOTE | |
r-devel-linux-x86_64-fedora-clang | 0.3.0 | 505.80 | OK | |||
r-devel-linux-x86_64-fedora-gcc | 0.3.0 | 674.95 | OK | |||
r-devel-windows-x86_64 | 0.3.0 | 88.00 | 259.00 | 347.00 | NOTE | |
r-patched-linux-x86_64 | 0.3.0 | 100.11 | 157.04 | 257.15 | NOTE | |
r-release-linux-x86_64 | 0.3.0 | 101.01 | 163.06 | 264.07 | NOTE | |
r-release-macos-arm64 | 0.3.0 | 107.00 | NOTE | |||
r-release-windows-x86_64 | 0.3.0 | 85.00 | 251.00 | 336.00 | NOTE | |
r-oldrel-macos-arm64 | 0.3.0 | 96.00 | NOTE | |||
r-oldrel-macos-x86_64 | 0.3.0 | 273.00 | NOTE | |||
r-oldrel-windows-x86_64 | 0.3.0 | 108.00 | 194.00 | 302.00 | NOTE |
Version: 0.3.0
Check: package dependencies
Result: NOTE
Package suggested but not available for checking: ‘INLA’
Flavors: r-devel-linux-x86_64-debian-clang, r-devel-linux-x86_64-debian-gcc, r-patched-linux-x86_64, r-release-linux-x86_64, r-release-macos-arm64, r-oldrel-macos-arm64, r-oldrel-macos-x86_64, r-oldrel-windows-x86_64
Version: 0.3.0
Check: installed package size
Result: NOTE
installed size is 13.3Mb
sub-directories of 1Mb or more:
libs 12.8Mb
Flavors: r-devel-windows-x86_64, r-release-macos-arm64, r-release-windows-x86_64, r-oldrel-macos-arm64, r-oldrel-macos-x86_64, r-oldrel-windows-x86_64