CRAN Package Check Results for Package dirmcmc

Last updated on 2022-08-17 21:52:36 CEST.

Flavor Version Tinstall Tcheck Ttotal Status Flags
r-devel-linux-x86_64-debian-clang 1.3.3 2.60 30.22 32.82 NOTE
r-devel-linux-x86_64-debian-gcc 1.3.3 NOTE
r-devel-linux-x86_64-fedora-clang 1.3.3 50.30 NOTE
r-devel-linux-x86_64-fedora-gcc 1.3.3 50.06 NOTE
r-devel-windows-x86_64 1.3.3 11.00 66.00 77.00 NOTE
r-patched-linux-x86_64 1.3.3 11.95 28.27 40.22 NOTE
r-release-linux-x86_64 1.3.3 1.55 28.65 30.20 NOTE
r-release-macos-arm64 1.3.3 19.00 NOTE
r-release-macos-x86_64 1.3.3 38.00 NOTE
r-release-windows-x86_64 1.3.3 4.00 66.00 70.00 NOTE
r-oldrel-macos-arm64 1.3.3 23.00 NOTE
r-oldrel-macos-x86_64 1.3.3 36.00 NOTE
r-oldrel-windows-ix86+x86_64 1.3.3 6.00 53.00 59.00 NOTE

Check Details

Version: 1.3.3
Check: LazyData
Result: NOTE
     'LazyData' is specified without a 'data' directory
Flavors: r-devel-linux-x86_64-debian-clang, r-devel-linux-x86_64-debian-gcc, r-devel-linux-x86_64-fedora-clang, r-devel-linux-x86_64-fedora-gcc, r-devel-windows-x86_64, r-patched-linux-x86_64, r-release-linux-x86_64, r-release-macos-arm64, r-release-macos-x86_64, r-release-windows-x86_64, r-oldrel-macos-arm64, r-oldrel-macos-x86_64, r-oldrel-windows-ix86+x86_64