CRAN Package Check Results for Package directotree

Last updated on 2024-07-13 12:48:12 CEST.

Flavor Version Tinstall Tcheck Ttotal Status Flags
r-devel-linux-x86_64-debian-clang 1.0.0 3.77 30.24 34.01 NOTE
r-devel-linux-x86_64-debian-gcc 1.0.0 2.80 23.20 26.00 NOTE
r-devel-linux-x86_64-fedora-clang 1.0.0 42.37 NOTE
r-devel-linux-x86_64-fedora-gcc 1.0.0 39.32 NOTE
r-devel-windows-x86_64 1.0.0 5.00 45.00 50.00 NOTE
r-patched-linux-x86_64 1.0.0 3.74 28.44 32.18 NOTE
r-release-linux-x86_64 1.0.0 3.64 28.91 32.55 NOTE
r-release-macos-arm64 1.0.0 20.00 NOTE
r-release-macos-x86_64 1.0.0 32.00 NOTE
r-release-windows-x86_64 1.0.0 5.00 45.00 50.00 NOTE
r-oldrel-macos-arm64 1.0.0 21.00 NOTE
r-oldrel-macos-x86_64 1.0.0 23.00 NOTE
r-oldrel-windows-x86_64 1.0.0 5.00 46.00 51.00 NOTE

Check Details

Version: 1.0.0
Check: LazyData
Result: NOTE 'LazyData' is specified without a 'data' directory Flavors: r-devel-linux-x86_64-debian-clang, r-devel-linux-x86_64-debian-gcc, r-devel-linux-x86_64-fedora-clang, r-devel-linux-x86_64-fedora-gcc, r-devel-windows-x86_64, r-patched-linux-x86_64, r-release-linux-x86_64, r-release-macos-arm64, r-release-macos-x86_64, r-release-windows-x86_64, r-oldrel-macos-arm64, r-oldrel-macos-x86_64, r-oldrel-windows-x86_64