Last updated on 2023-01-29 20:51:24 CET.
Flavor | Version | Tinstall | Tcheck | Ttotal | Status | Flags |
---|---|---|---|---|---|---|
r-devel-linux-x86_64-debian-clang | 0.2.6 | 75.30 | 91.69 | 166.99 | OK | |
r-devel-linux-x86_64-debian-gcc | 0.2.6 | 60.39 | 69.96 | 130.35 | NOTE | |
r-devel-linux-x86_64-fedora-clang | 0.2.6 | 254.18 | OK | |||
r-devel-linux-x86_64-fedora-gcc | 0.2.6 | 239.86 | NOTE | |||
r-devel-windows-x86_64 | 0.2.6 | 149.00 | 181.00 | 330.00 | NOTE | |
r-patched-linux-x86_64 | 0.2.6 | 66.08 | 84.92 | 151.00 | OK | |
r-release-linux-x86_64 | 0.2.6 | 58.67 | 86.81 | 145.48 | OK | |
r-release-macos-arm64 | 0.2.6 | 65.00 | OK | |||
r-release-macos-x86_64 | 0.2.6 | 92.00 | OK | |||
r-release-windows-x86_64 | 0.2.6 | 144.00 | 184.00 | 328.00 | OK | |
r-oldrel-macos-arm64 | 0.2.6 | 70.00 | OK | |||
r-oldrel-macos-x86_64 | 0.2.6 | 96.00 | OK | |||
r-oldrel-windows-ix86+x86_64 | 0.2.6 | 188.00 | 184.00 | 372.00 | OK |
Version: 0.2.6
Check: C++ specification
Result: NOTE
Specified C++11: please update to current default of C++17
Flavors: r-devel-linux-x86_64-debian-gcc, r-devel-linux-x86_64-fedora-gcc, r-devel-windows-x86_64