Last updated on 2024-03-29 06:56:24 CET.
Flavor | Version | Tinstall | Tcheck | Ttotal | Status | Flags |
---|---|---|---|---|---|---|
r-devel-linux-x86_64-debian-clang | 0.2.6 | 20.12 | 275.65 | 295.77 | NOTE | |
r-devel-linux-x86_64-debian-gcc | 0.2.6 | 17.34 | 202.67 | 220.01 | NOTE | |
r-devel-linux-x86_64-fedora-clang | 0.2.6 | 412.43 | NOTE | |||
r-devel-linux-x86_64-fedora-gcc | 0.2.6 | 371.39 | NOTE | |||
r-devel-windows-x86_64 | 0.2.6 | 18.00 | 246.00 | 264.00 | NOTE | |
r-patched-linux-x86_64 | 0.2.6 | 23.28 | 257.93 | 281.21 | NOTE | |
r-release-linux-x86_64 | 0.2.6 | 22.31 | 266.11 | 288.42 | OK | |
r-release-macos-arm64 | 0.2.6 | 114.00 | OK | |||
r-release-macos-x86_64 | 0.2.6 | 207.00 | OK | |||
r-release-windows-x86_64 | 0.2.6 | 18.00 | 303.00 | 321.00 | OK | |
r-oldrel-macos-arm64 | 0.2.6 | 105.00 | OK | |||
r-oldrel-windows-x86_64 | 0.2.6 | 26.00 | 302.00 | 328.00 | OK |
Version: 0.2.6
Check: Rd files
Result: NOTE
checkRd: (-1) DRR-class.Rd:79: Lost braces; missing escapes or markup?
79 | n^{1/3} up to sacrificing some accuracy, for details see
| ^
Flavors: r-devel-linux-x86_64-debian-clang, r-devel-linux-x86_64-debian-gcc, r-devel-linux-x86_64-fedora-clang, r-devel-linux-x86_64-fedora-gcc, r-devel-windows-x86_64, r-patched-linux-x86_64
Version: 0.2.6
Check: Rd cross-references
Result: NOTE
Undeclared package ‘CVST’ in Rd xrefs
Flavor: r-devel-linux-x86_64-fedora-clang