CRAN Package Check Results for Package diffusion

Last updated on 2024-02-24 21:40:17 CET.

Flavor Version Tinstall Tcheck Ttotal Status Flags
r-devel-linux-x86_64-debian-clang 0.2.7 3.02 38.56 41.58 NOTE
r-devel-linux-x86_64-debian-gcc 0.2.7 3.04 29.70 32.74 NOTE
r-devel-linux-x86_64-fedora-clang 0.2.7 52.96 NOTE
r-devel-linux-x86_64-fedora-gcc 0.2.7 51.00 NOTE
r-devel-windows-x86_64 0.2.7 5.00 53.00 58.00 NOTE
r-patched-linux-x86_64 0.2.7 3.43 38.25 41.68 OK
r-release-linux-x86_64 0.2.7 4.27 37.69 41.96 OK
r-release-macos-arm64 0.2.7 22.00 OK
r-release-macos-x86_64 0.2.7 30.00 OK
r-release-windows-x86_64 0.2.7 6.00 55.00 61.00 OK
r-oldrel-macos-arm64 0.2.7 20.00 OK
r-oldrel-windows-x86_64 0.2.7 6.00 57.00 63.00 OK

Check Details

Version: 0.2.7
Check: Rd \usage sections
Result: NOTE Documented arguments not in \usage in Rd file 'Nortonbass_startvalgen.Rd': ‘param’ ‘startvalgen’ Documented arguments not in \usage in Rd file 'seqdiffusion.Rd': ‘w’ Functions with \usage entries need to have the appropriate \alias entries, and all their arguments documented. The \usage entries must correspond to syntactically valid R code. See chapter ‘Writing R documentation files’ in the ‘Writing R Extensions’ manual. Flavors: r-devel-linux-x86_64-debian-clang, r-devel-linux-x86_64-debian-gcc, r-devel-linux-x86_64-fedora-clang, r-devel-linux-x86_64-fedora-gcc, r-devel-windows-x86_64