Last updated on 2025-02-01 12:48:24 CET.
Flavor | Version | Tinstall | Tcheck | Ttotal | Status | Flags |
---|---|---|---|---|---|---|
r-devel-linux-x86_64-debian-clang | 0.4.2 | 3.99 | 57.94 | 61.93 | NOTE | |
r-devel-linux-x86_64-debian-gcc | 0.4.2 | 2.68 | 43.29 | 45.97 | NOTE | |
r-devel-linux-x86_64-fedora-clang | 0.4.2 | 109.80 | NOTE | |||
r-devel-linux-x86_64-fedora-gcc | 0.4.2 | 110.56 | NOTE | |||
r-devel-windows-x86_64 | 0.4.2 | 5.00 | 117.00 | 122.00 | NOTE | |
r-patched-linux-x86_64 | 0.4.2 | 4.54 | 54.32 | 58.86 | NOTE | |
r-release-linux-x86_64 | 0.4.2 | 3.73 | 55.26 | 58.99 | NOTE | |
r-release-macos-arm64 | 0.4.2 | 40.00 | NOTE | |||
r-release-macos-x86_64 | 0.4.2 | 109.00 | NOTE | |||
r-release-windows-x86_64 | 0.4.2 | 5.00 | 115.00 | 120.00 | NOTE | |
r-oldrel-macos-arm64 | 0.4.2 | 40.00 | NOTE | |||
r-oldrel-macos-x86_64 | 0.4.2 | 64.00 | NOTE | |||
r-oldrel-windows-x86_64 | 0.4.2 | 5.00 | 109.00 | 114.00 | NOTE |
Version: 0.4.2
Check: Rd files
Result: NOTE
checkRd: (-1) sensitivitySamplerManual-DPMech-function-numeric-numeric-numeric-method.Rd:25: Lost braces
25 | \item{k}{order statistic index in {1,...,\code{m}}.}
| ^
checkRd: (-1) sensitivitySamplerManual-DPMechNumeric-function-numeric-numeric-numeric-method.Rd:25: Lost braces
25 | \item{k}{order statistic index in {1,...,\code{m}}.}
| ^
checkRd: (-1) sensitivitySamplerManual.Rd:22: Lost braces
22 | \item{k}{order statistic index in {1,...,\code{m}}.}
| ^
Flavors: r-devel-linux-x86_64-debian-clang, r-devel-linux-x86_64-debian-gcc, r-devel-linux-x86_64-fedora-clang, r-devel-linux-x86_64-fedora-gcc, r-devel-windows-x86_64, r-patched-linux-x86_64, r-release-linux-x86_64, r-release-macos-arm64, r-release-macos-x86_64, r-release-windows-x86_64
Version: 0.4.2
Check: LazyData
Result: NOTE
'LazyData' is specified without a 'data' directory
Flavors: r-patched-linux-x86_64, r-release-linux-x86_64, r-release-macos-arm64, r-release-macos-x86_64, r-release-windows-x86_64, r-oldrel-macos-arm64, r-oldrel-macos-x86_64, r-oldrel-windows-x86_64