CRAN Package Check Results for Package diffdf

Last updated on 2023-06-08 05:58:07 CEST.

Flavor Version Tinstall Tcheck Ttotal Status Flags
r-devel-linux-x86_64-debian-clang 1.0.4 5.35 67.03 72.38 NOTE
r-devel-linux-x86_64-debian-gcc 1.0.4 4.14 51.75 55.89 NOTE
r-devel-linux-x86_64-fedora-clang 1.0.4 90.48 NOTE
r-devel-linux-x86_64-fedora-gcc 1.0.4 96.47 NOTE
r-devel-windows-x86_64 1.0.4 6.00 75.00 81.00 NOTE
r-patched-linux-x86_64 1.0.4 4.68 63.91 68.59 NOTE
r-release-linux-x86_64 1.0.4 4.23 63.43 67.66 NOTE
r-release-macos-arm64 1.0.4 35.00 NOTE
r-release-macos-x86_64 1.0.4 58.00 NOTE
r-release-windows-x86_64 1.0.4 7.00 82.00 89.00 NOTE
r-oldrel-macos-arm64 1.0.4 24.00 NOTE
r-oldrel-macos-x86_64 1.0.4 42.00 NOTE
r-oldrel-windows-x86_64 1.0.4 8.00 80.00 88.00 NOTE

Check Details

Version: 1.0.4
Check: LazyData
Result: NOTE
     'LazyData' is specified without a 'data' directory
Flavors: r-devel-linux-x86_64-debian-clang, r-devel-linux-x86_64-debian-gcc, r-devel-linux-x86_64-fedora-clang, r-devel-linux-x86_64-fedora-gcc, r-devel-windows-x86_64, r-patched-linux-x86_64, r-release-linux-x86_64, r-release-macos-arm64, r-release-macos-x86_64, r-release-windows-x86_64, r-oldrel-macos-arm64, r-oldrel-macos-x86_64, r-oldrel-windows-x86_64