Last updated on 2023-11-30 21:48:58 CET.
Flavor | Version | Tinstall | Tcheck | Ttotal | Status | Flags |
---|---|---|---|---|---|---|
r-devel-linux-x86_64-debian-clang | 0.1.1 | 4.04 | 36.67 | 40.71 | NOTE | |
r-devel-linux-x86_64-debian-gcc | 0.1.1 | 3.17 | 28.16 | 31.33 | NOTE | |
r-devel-linux-x86_64-fedora-clang | 0.1.1 | 53.69 | OK | |||
r-devel-linux-x86_64-fedora-gcc | 0.1.1 | 48.64 | OK | |||
r-devel-windows-x86_64 | 0.1.1 | 4.00 | 49.00 | 53.00 | OK | |
r-patched-linux-x86_64 | 0.1.1 | 4.25 | 35.31 | 39.56 | OK | |
r-release-linux-x86_64 | 0.1.1 | 3.05 | 35.12 | 38.17 | OK | |
r-release-macos-arm64 | 0.1.1 | 21.00 | OK | |||
r-release-macos-x86_64 | 0.1.1 | 28.00 | OK | |||
r-release-windows-x86_64 | 0.1.1 | 6.00 | 50.00 | 56.00 | OK | |
r-oldrel-macos-arm64 | 0.1.1 | 20.00 | OK | |||
r-oldrel-macos-x86_64 | 0.1.1 | 29.00 | OK | |||
r-oldrel-windows-x86_64 | 0.1.1 | 5.00 | 56.00 | 61.00 | OK |
Version: 0.1.1
Check: Rd files
Result: NOTE
checkRd: (-1) define.Rd:16: Lost braces in \itemize; \value handles \item{}{} directly
checkRd: (-1) define.Rd:17-18: Lost braces in \itemize; \value handles \item{}{} directly
checkRd: (-1) define.Rd:19: Lost braces in \itemize; \value handles \item{}{} directly
checkRd: (-1) define.Rd:20: Lost braces in \itemize; \value handles \item{}{} directly
checkRd: (-1) define.Rd:21-22: Lost braces in \itemize; \value handles \item{}{} directly
checkRd: (-1) define.Rd:23-24: Lost braces in \itemize; \value handles \item{}{} directly
checkRd: (-1) define.Rd:25: Lost braces in \itemize; \value handles \item{}{} directly
checkRd: (-1) define.Rd:26: Lost braces in \itemize; \value handles \item{}{} directly
checkRd: (-1) define.Rd:27: Lost braces in \itemize; \value handles \item{}{} directly
checkRd: (-1) define.Rd:28: Lost braces in \itemize; \value handles \item{}{} directly
checkRd: (-1) define.Rd:29: Lost braces in \itemize; \value handles \item{}{} directly
Flavors: r-devel-linux-x86_64-debian-clang, r-devel-linux-x86_64-debian-gcc