Last updated on 2023-09-23 21:52:43 CEST.
Flavor | Version | Tinstall | Tcheck | Ttotal | Status | Flags |
---|---|---|---|---|---|---|
r-devel-linux-x86_64-debian-clang | 2.1.6 | 31.66 | 102.92 | 134.58 | NOTE | |
r-devel-linux-x86_64-debian-gcc | 2.1.6 | 24.16 | 77.47 | 101.63 | NOTE | |
r-devel-linux-x86_64-fedora-clang | 2.1.6 | 162.83 | NOTE | |||
r-devel-linux-x86_64-fedora-gcc | 2.1.6 | 166.70 | NOTE | |||
r-devel-windows-x86_64 | 2.1.6 | 31.00 | 107.00 | 138.00 | NOTE | |
r-patched-linux-x86_64 | 2.1.6 | 31.35 | 99.76 | 131.11 | NOTE | |
r-release-linux-x86_64 | 2.1.6 | 28.98 | 100.92 | 129.90 | NOTE | |
r-release-macos-arm64 | 2.1.6 | 60.00 | NOTE | |||
r-release-macos-x86_64 | 2.1.6 | 92.00 | NOTE | |||
r-release-windows-x86_64 | 2.1.6 | 37.00 | 123.00 | 160.00 | NOTE | |
r-oldrel-macos-arm64 | 2.1.6 | 66.00 | OK | |||
r-oldrel-macos-x86_64 | 2.1.6 | 69.00 | OK | |||
r-oldrel-windows-x86_64 | 2.1.6 | 34.00 | 125.00 | 159.00 | OK |
Version: 2.1.6
Check: Rd files
Result: NOTE
checkRd: (-1) phihat.Rd:34: Escaped LaTeX specials: \&
Flavors: r-devel-linux-x86_64-debian-clang, r-devel-linux-x86_64-debian-gcc, r-devel-linux-x86_64-fedora-clang, r-devel-linux-x86_64-fedora-gcc, r-devel-windows-x86_64, r-patched-linux-x86_64, r-release-linux-x86_64, r-release-macos-arm64, r-release-macos-x86_64, r-release-windows-x86_64