CRAN Package Check Results for Package dfoliatR

Last updated on 2023-03-28 21:53:54 CEST.

Flavor Version Tinstall Tcheck Ttotal Status Flags
r-devel-linux-x86_64-debian-clang 0.2.0 6.04 85.77 91.81 OK
r-devel-linux-x86_64-debian-gcc 0.2.0 5.31 64.54 69.85 OK
r-devel-linux-x86_64-fedora-clang 0.2.0 116.10 NOTE
r-devel-linux-x86_64-fedora-gcc 0.2.0 122.18 NOTE
r-devel-windows-x86_64 0.2.0 43.00 124.00 167.00 OK
r-patched-linux-x86_64 0.2.0 7.11 80.39 87.50 OK
r-release-linux-x86_64 0.2.0 5.04 85.63 90.67 OK
r-release-macos-arm64 0.2.0 36.00 NOTE
r-release-macos-x86_64 0.2.0 66.00 NOTE
r-release-windows-x86_64 0.2.0 35.00 123.00 158.00 OK
r-oldrel-macos-arm64 0.2.0 47.00 NOTE
r-oldrel-macos-x86_64 0.2.0 68.00 NOTE
r-oldrel-windows-ix86+x86_64 0.2.0 17.00 122.00 139.00 OK

Check Details

Version: 0.2.0
Check: dependencies in R code
Result: NOTE
    Namespaces in Imports field not imported from:
     ‘MASS’ ‘plyr’
     All declared Imports should be used.
Flavors: r-devel-linux-x86_64-fedora-clang, r-devel-linux-x86_64-fedora-gcc, r-release-macos-arm64, r-release-macos-x86_64, r-oldrel-macos-arm64, r-oldrel-macos-x86_64