CRAN Package Check Results for Package dextergui

Last updated on 2024-07-15 06:49:24 CEST.

Flavor Version Tinstall Tcheck Ttotal Status Flags
r-devel-linux-x86_64-debian-clang 0.2.6 16.50 113.33 129.83 OK
r-devel-linux-x86_64-debian-gcc 0.2.6 14.29 85.25 99.54 OK
r-devel-linux-x86_64-fedora-clang 0.2.6 167.99 NOTE
r-devel-linux-x86_64-fedora-gcc 0.2.6 168.62 OK
r-devel-windows-x86_64 0.2.6 16.00 93.00 109.00 OK
r-patched-linux-x86_64 0.2.6 19.54 107.02 126.56 OK
r-release-linux-x86_64 0.2.6 11.04 109.10 120.14 OK
r-release-macos-arm64 0.2.6 55.00 OK
r-release-macos-x86_64 0.2.6 109.00 OK
r-release-windows-x86_64 0.2.6 15.00 93.00 108.00 OK
r-oldrel-macos-arm64 0.2.6 51.00 OK
r-oldrel-macos-x86_64 0.2.6 90.00 NOTE
r-oldrel-windows-x86_64 0.2.6 20.00 110.00 130.00 OK

Check Details

Version: 0.2.6
Check: package dependencies
Result: NOTE Imports includes 22 non-default packages. Importing from so many packages makes the package vulnerable to any of them becoming unavailable. Move as many as possible to Suggests and use conditionally. Flavor: r-devel-linux-x86_64-fedora-clang

Version: 0.2.6
Check: package dependencies
Result: NOTE Packages suggested but not available for checking: 'psych', 'sirt' Flavor: r-oldrel-macos-x86_64