CRAN Package Check Results for Package dextergui

Last updated on 2020-06-07 06:46:43 CEST.

Flavor Version Tinstall Tcheck Ttotal Status Flags
r-devel-linux-x86_64-debian-clang 0.2.2 15.65 88.10 103.75 OK
r-devel-linux-x86_64-debian-gcc 0.2.2 12.08 65.03 77.11 OK
r-devel-linux-x86_64-fedora-clang 0.2.2 125.81 NOTE
r-devel-linux-x86_64-fedora-gcc 0.2.2 118.83 OK
r-devel-windows-ix86+x86_64 0.2.2 46.00 132.00 178.00 OK
r-patched-linux-x86_64 0.2.2 14.91 83.88 98.79 OK
r-patched-solaris-x86 0.2.2 175.50 OK
r-release-linux-x86_64 0.2.2 14.97 83.03 98.00 OK
r-release-osx-x86_64 0.2.2 OK
r-release-windows-ix86+x86_64 0.2.2 44.00 140.00 184.00 OK
r-oldrel-osx-x86_64 0.2.2 OK
r-oldrel-windows-ix86+x86_64 0.2.2 36.00 132.00 168.00 OK

Check Details

Version: 0.2.2
Check: package dependencies
Result: NOTE
    Imports includes 22 non-default packages.
    Importing from so many packages makes the package vulnerable to any of
    them becoming unavailable. Move as many as possible to Suggests and
    use conditionally.
Flavor: r-devel-linux-x86_64-fedora-clang