Last updated on 2025-05-11 12:50:16 CEST.
Flavor | Version | Tinstall | Tcheck | Ttotal | Status | Flags |
---|---|---|---|---|---|---|
r-devel-linux-x86_64-debian-clang | 0.1.0 | 5.01 | 41.13 | 46.14 | NOTE | |
r-devel-linux-x86_64-debian-gcc | 0.1.0 | 3.50 | 31.01 | 34.51 | NOTE | |
r-devel-linux-x86_64-fedora-clang | 0.1.0 | 70.45 | NOTE | |||
r-devel-linux-x86_64-fedora-gcc | 0.1.0 | 66.58 | NOTE | |||
r-devel-windows-x86_64 | 0.1.0 | 7.00 | 66.00 | 73.00 | NOTE | |
r-patched-linux-x86_64 | 0.1.0 | 4.43 | 37.91 | 42.34 | NOTE | |
r-release-linux-x86_64 | 0.1.0 | 4.26 | 37.82 | 42.08 | NOTE | |
r-release-macos-arm64 | 0.1.0 | 29.00 | NOTE | |||
r-release-macos-x86_64 | 0.1.0 | 43.00 | NOTE | |||
r-release-windows-x86_64 | 0.1.0 | 7.00 | 65.00 | 72.00 | NOTE | |
r-oldrel-macos-arm64 | 0.1.0 | 27.00 | NOTE | |||
r-oldrel-macos-x86_64 | 0.1.0 | 49.00 | NOTE | |||
r-oldrel-windows-x86_64 | 0.1.0 | 8.00 | 72.00 | 80.00 | NOTE |
Version: 0.1.0
Check: Rd files
Result: NOTE
checkRd: (-1) detour-shiny.Rd:26: Lost braces; missing escapes or markup?
26 | \item{expr}{an expression that generates a {detourr} widget}
| ^
checkRd: (-1) show_sage.Rd:80: Lost braces; missing escapes or markup?
80 | supported using {crosstalk}. The set of interactive controls available are:
| ^
checkRd: (-1) show_scatter.Rd:67: Lost braces; missing escapes or markup?
67 | supported using {crosstalk}. The set of interactive controls available are:
| ^
checkRd: (-1) show_scatter_internal.Rd:65: Lost braces; missing escapes or markup?
65 | supported using {crosstalk}. The set of interactive controls available are:
| ^
checkRd: (-1) show_slice.Rd:76: Lost braces; missing escapes or markup?
76 | supported using {crosstalk}. The set of interactive controls available are:
| ^
checkRd: (-1) tour_aes.Rd:11: Lost braces; missing escapes or markup?
11 | Variables are evaluated using {tidyselect} syntax.}
| ^
Flavors: r-devel-linux-x86_64-debian-clang, r-devel-linux-x86_64-debian-gcc, r-devel-linux-x86_64-fedora-clang, r-devel-linux-x86_64-fedora-gcc, r-devel-windows-x86_64, r-patched-linux-x86_64, r-release-linux-x86_64, r-release-macos-arm64, r-release-macos-x86_64, r-release-windows-x86_64, r-oldrel-macos-arm64, r-oldrel-macos-x86_64, r-oldrel-windows-x86_64
Version: 0.1.0
Check: installed package size
Result: NOTE
installed size is 5.7Mb
sub-directories of 1Mb or more:
data 1.8Mb
htmlwidgets 3.7Mb
Flavors: r-oldrel-macos-arm64, r-oldrel-macos-x86_64, r-oldrel-windows-x86_64