Last updated on 2024-03-28 12:50:31 CET.
Flavor | Version | Tinstall | Tcheck | Ttotal | Status | Flags |
---|---|---|---|---|---|---|
r-devel-linux-x86_64-debian-clang | 0.9.6 | 34.80 | 100.89 | 135.69 | NOTE | |
r-devel-linux-x86_64-debian-gcc | 0.9.6 | 28.08 | 76.40 | 104.48 | NOTE | |
r-devel-linux-x86_64-fedora-clang | 0.9.6 | 172.80 | NOTE | |||
r-devel-linux-x86_64-fedora-gcc | 0.9.6 | 186.86 | NOTE | |||
r-devel-windows-x86_64 | 0.9.6 | 33.00 | 124.00 | 157.00 | NOTE | |
r-patched-linux-x86_64 | 0.9.6 | 34.59 | 97.61 | 132.20 | NOTE | |
r-release-linux-x86_64 | 0.9.6 | 34.61 | 97.79 | 132.40 | NOTE | |
r-release-macos-arm64 | 0.9.6 | 57.00 | NOTE | |||
r-release-macos-x86_64 | 0.9.6 | 100.00 | NOTE | |||
r-release-windows-x86_64 | 0.9.6 | 40.00 | 143.00 | 183.00 | NOTE | |
r-oldrel-macos-arm64 | 0.9.6 | 50.00 | NOTE | |||
r-oldrel-windows-x86_64 | 0.9.6 | 39.00 | 131.00 | 170.00 | NOTE |
Version: 0.9.6
Check: LazyData
Result: NOTE
'LazyData' is specified without a 'data' directory
Flavors: r-devel-linux-x86_64-debian-clang, r-devel-linux-x86_64-debian-gcc, r-devel-linux-x86_64-fedora-clang, r-devel-linux-x86_64-fedora-gcc, r-devel-windows-x86_64, r-patched-linux-x86_64, r-release-linux-x86_64, r-release-macos-arm64, r-release-macos-x86_64, r-release-windows-x86_64, r-oldrel-macos-arm64, r-oldrel-windows-x86_64
Version: 0.9.6
Check: installed package size
Result: NOTE
installed size is 5.3Mb
sub-directories of 1Mb or more:
extdata 2.1Mb
libs 2.3Mb
Flavors: r-release-macos-arm64, r-release-macos-x86_64, r-oldrel-macos-arm64