Last updated on 2024-04-18 21:56:48 CEST.
Flavor | Version | Tinstall | Tcheck | Ttotal | Status | Flags |
---|---|---|---|---|---|---|
r-devel-linux-x86_64-debian-clang | 0.1.13 | 9.07 | 126.96 | 136.03 | OK | |
r-devel-linux-x86_64-debian-gcc | 0.1.13 | 10.49 | 94.55 | 105.04 | OK | |
r-devel-linux-x86_64-fedora-clang | 0.1.13 | 174.71 | NOTE | |||
r-devel-linux-x86_64-fedora-gcc | 0.1.13 | 176.96 | NOTE | |||
r-prerel-macos-arm64 | 0.1.13 | 62.00 | OK | |||
r-prerel-windows-x86_64 | 0.1.13 | 11.00 | 105.00 | 116.00 | OK | |
r-patched-linux-x86_64 | 0.1.13 | 8.16 | 120.10 | 128.26 | OK | |
r-release-linux-x86_64 | 0.1.13 | 8.14 | 120.78 | 128.92 | OK | |
r-release-macos-arm64 | 0.1.13 | 57.00 | OK | |||
r-release-macos-x86_64 | 0.1.13 | 165.00 | OK | |||
r-release-windows-x86_64 | 0.1.13 | 16.00 | 130.00 | 146.00 | OK | |
r-oldrel-macos-arm64 | 0.1.13 | 48.00 | OK | |||
r-oldrel-windows-x86_64 | 0.1.13 | 18.00 | 127.00 | 145.00 | OK |
Version: 0.1.13
Check: data for non-ASCII characters
Result: NOTE
Note: found 47 marked UTF-8 strings
Flavors: r-devel-linux-x86_64-fedora-clang, r-devel-linux-x86_64-fedora-gcc