Last updated on 2024-05-08 03:52:10 CEST.
Flavor | Version | Tinstall | Tcheck | Ttotal | Status | Flags |
---|---|---|---|---|---|---|
r-devel-linux-x86_64-debian-clang | 0.5.4 | 8.05 | 58.51 | 66.56 | NOTE | |
r-devel-linux-x86_64-debian-gcc | 0.5.4 | 6.47 | 41.91 | 48.38 | NOTE | |
r-devel-linux-x86_64-fedora-clang | 0.5.4 | 79.91 | NOTE | |||
r-devel-linux-x86_64-fedora-gcc | 0.5.4 | 118.54 | NOTE | |||
r-devel-windows-x86_64 | 0.5.4 | 7.00 | 63.00 | 70.00 | NOTE | |
r-patched-linux-x86_64 | 0.5.4 | 9.79 | 54.04 | 63.83 | NOTE | |
r-release-linux-x86_64 | 0.5.4 | 8.11 | 53.81 | 61.92 | NOTE | |
r-release-macos-arm64 | 0.5.4 | 25.00 | NOTE | |||
r-release-windows-x86_64 | 0.5.4 | 7.00 | 62.00 | 69.00 | NOTE | |
r-oldrel-macos-arm64 | 0.5.4 | 29.00 | NOTE | |||
r-oldrel-macos-x86_64 | 0.5.4 | 55.00 | NOTE | |||
r-oldrel-windows-x86_64 | 0.5.4 | 8.00 | 70.00 | 78.00 | NOTE |
Version: 0.5.4
Check: package dependencies
Result: NOTE
Packages which this enhances but not available for checking:
'gurobi', 'Rcplex'
Flavors: r-devel-linux-x86_64-debian-clang, r-devel-linux-x86_64-fedora-clang, r-devel-linux-x86_64-fedora-gcc, r-devel-windows-x86_64, r-release-linux-x86_64, r-release-macos-arm64, r-release-windows-x86_64, r-oldrel-macos-arm64, r-oldrel-macos-x86_64, r-oldrel-windows-x86_64
Version: 0.5.4
Check: package dependencies
Result: NOTE
Package which this enhances but not available for checking: ‘gurobi’
Flavors: r-devel-linux-x86_64-debian-gcc, r-patched-linux-x86_64