CRAN Package Check Results for Package designmatch

Last updated on 2022-09-28 21:51:35 CEST.

Flavor Version Tinstall Tcheck Ttotal Status Flags
r-devel-linux-x86_64-debian-clang 0.4.1 6.96 45.67 52.63 NOTE
r-devel-linux-x86_64-debian-gcc 0.4.1 5.12 34.61 39.73 NOTE
r-devel-linux-x86_64-fedora-clang 0.4.1 76.20 NOTE
r-devel-linux-x86_64-fedora-gcc 0.4.1 74.07 NOTE
r-devel-windows-x86_64 0.4.1 29.00 70.00 99.00 NOTE
r-patched-linux-x86_64 0.4.1 6.30 44.23 50.53 NOTE
r-release-linux-x86_64 0.4.1 5.43 43.55 48.98 NOTE
r-release-macos-arm64 0.4.1 22.00 NOTE
r-release-macos-x86_64 0.4.1 29.00 NOTE
r-release-windows-x86_64 0.4.1 22.00 70.00 92.00 NOTE
r-oldrel-macos-arm64 0.4.1 24.00 NOTE
r-oldrel-macos-x86_64 0.4.1 33.00 NOTE
r-oldrel-windows-ix86+x86_64 0.4.1 12.00 64.00 76.00 NOTE

Check Details

Version: 0.4.1
Check: package dependencies
Result: NOTE
    Package which this enhances but not available for checking: 'gurobi'
Flavors: r-devel-linux-x86_64-debian-clang, r-devel-linux-x86_64-debian-gcc, r-patched-linux-x86_64, r-release-linux-x86_64

Version: 0.4.1
Check: package dependencies
Result: NOTE
    Packages which this enhances but not available for checking:
     'gurobi', 'Rcplex'
Flavors: r-devel-linux-x86_64-fedora-clang, r-devel-linux-x86_64-fedora-gcc, r-devel-windows-x86_64, r-release-macos-arm64, r-release-macos-x86_64, r-release-windows-x86_64, r-oldrel-macos-arm64, r-oldrel-macos-x86_64, r-oldrel-windows-ix86+x86_64