Last updated on 2024-04-18 06:09:44 CEST.
Flavor | Version | Tinstall | Tcheck | Ttotal | Status | Flags |
---|---|---|---|---|---|---|
r-devel-linux-x86_64-debian-clang | 0.3.0 | 7.63 | 76.28 | 83.91 | OK | |
r-devel-linux-x86_64-debian-gcc | 0.3.0 | 5.45 | 57.06 | 62.51 | OK | |
r-devel-linux-x86_64-fedora-clang | 0.3.0 | 104.75 | NOTE | |||
r-devel-linux-x86_64-fedora-gcc | 0.3.0 | 110.25 | OK | |||
r-prerel-macos-arm64 | 0.3.0 | 42.00 | OK | |||
r-prerel-windows-x86_64 | 0.3.0 | 8.00 | 78.00 | 86.00 | OK | |
r-patched-linux-x86_64 | 0.3.0 | 12.34 | 70.87 | 83.21 | OK | |
r-release-linux-x86_64 | 0.3.0 | 7.88 | 69.12 | 77.00 | OK | |
r-release-macos-arm64 | 0.3.0 | 39.00 | OK | |||
r-release-macos-x86_64 | 0.3.0 | 62.00 | OK | |||
r-release-windows-x86_64 | 0.3.0 | 9.00 | 88.00 | 97.00 | OK | |
r-oldrel-macos-arm64 | 0.3.0 | 35.00 | OK | |||
r-oldrel-windows-x86_64 | 0.3.0 | 9.00 | 90.00 | 99.00 | OK |
Version: 0.3.0
Check: Rd cross-references
Result: NOTE
Undeclared package ‘htmlwidgets’ in Rd xrefs
Flavor: r-devel-linux-x86_64-fedora-clang