Last updated on 2024-04-23 12:49:25 CEST.
Flavor | Version | Tinstall | Tcheck | Ttotal | Status | Flags |
---|---|---|---|---|---|---|
r-devel-linux-x86_64-debian-clang | 1.5-0 | 13.23 | 135.09 | 148.32 | NOTE | |
r-devel-linux-x86_64-debian-gcc | 1.5-0 | 8.43 | 91.17 | 99.60 | NOTE | |
r-devel-linux-x86_64-fedora-clang | 1.5-0 | 174.29 | NOTE | |||
r-devel-linux-x86_64-fedora-gcc | 1.5-0 | 179.38 | NOTE | |||
r-prerel-macos-arm64 | 1.5-0 | 55.00 | NOTE | |||
r-prerel-windows-x86_64 | 1.5-0 | 12.00 | 140.00 | 152.00 | NOTE | |
r-patched-linux-x86_64 | 1.5-0 | 15.06 | 122.40 | 137.46 | NOTE | |
r-release-linux-x86_64 | 1.5-0 | 11.22 | 124.61 | 135.83 | NOTE | |
r-release-macos-arm64 | 1.5-0 | 68.00 | NOTE | |||
r-release-macos-x86_64 | 1.5-0 | 110.00 | NOTE | |||
r-release-windows-x86_64 | 1.5-0 | 16.00 | 154.00 | 170.00 | NOTE | |
r-oldrel-macos-arm64 | 1.5-0 | 57.00 | NOTE | |||
r-oldrel-windows-x86_64 | 1.5-0 | 16.00 | 157.00 | 173.00 | NOTE |
Version: 1.5-0
Check: package dependencies
Result: NOTE
Package suggested but not available for checking: ‘Rdonlp2’
Flavors: r-devel-linux-x86_64-debian-clang, r-devel-linux-x86_64-debian-gcc, r-devel-linux-x86_64-fedora-clang, r-devel-linux-x86_64-fedora-gcc, r-prerel-macos-arm64, r-prerel-windows-x86_64, r-patched-linux-x86_64, r-release-linux-x86_64, r-release-macos-arm64, r-release-macos-x86_64, r-release-windows-x86_64, r-oldrel-macos-arm64, r-oldrel-windows-x86_64
Version: 1.5-0
Check: Rd files
Result: NOTE
checkRd: (-1) responses.Rd:68: Lost braces
68 | response. See code{\link{makeDepmix}} for an example of how to use
| ^
Flavors: r-devel-linux-x86_64-debian-clang, r-devel-linux-x86_64-debian-gcc, r-devel-linux-x86_64-fedora-clang, r-devel-linux-x86_64-fedora-gcc, r-prerel-macos-arm64, r-prerel-windows-x86_64, r-patched-linux-x86_64