Last updated on 2024-04-18 21:56:48 CEST.
Flavor | Version | Tinstall | Tcheck | Ttotal | Status | Flags |
---|---|---|---|---|---|---|
r-devel-linux-x86_64-debian-clang | 0.0.1 | 30.75 | 81.98 | 112.73 | NOTE | |
r-devel-linux-x86_64-debian-gcc | 0.0.1 | 23.20 | 62.88 | 86.08 | NOTE | |
r-devel-linux-x86_64-fedora-clang | 0.0.1 | 145.58 | NOTE | |||
r-devel-linux-x86_64-fedora-gcc | 0.0.1 | 138.33 | NOTE | |||
r-prerel-macos-arm64 | 0.0.1 | 39.00 | NOTE | |||
r-prerel-windows-x86_64 | 0.0.1 | 26.00 | 92.00 | 118.00 | NOTE | |
r-patched-linux-x86_64 | 0.0.1 | 28.97 | 79.24 | 108.21 | NOTE | |
r-release-linux-x86_64 | 0.0.1 | 30.37 | 81.04 | 111.41 | NOTE | |
r-release-macos-arm64 | 0.0.1 | 45.00 | NOTE | |||
r-release-macos-x86_64 | 0.0.1 | 71.00 | NOTE | |||
r-release-windows-x86_64 | 0.0.1 | 33.00 | 114.00 | 147.00 | NOTE | |
r-oldrel-macos-arm64 | 0.0.1 | 43.00 | NOTE | |||
r-oldrel-windows-x86_64 | 0.0.1 | 31.00 | 117.00 | 148.00 | NOTE |
Version: 0.0.1
Check: LazyData
Result: NOTE
'LazyData' is specified without a 'data' directory
Flavors: r-devel-linux-x86_64-debian-clang, r-devel-linux-x86_64-debian-gcc, r-devel-linux-x86_64-fedora-clang, r-devel-linux-x86_64-fedora-gcc, r-prerel-macos-arm64, r-prerel-windows-x86_64, r-patched-linux-x86_64, r-release-linux-x86_64, r-release-macos-arm64, r-release-macos-x86_64, r-release-windows-x86_64, r-oldrel-macos-arm64, r-oldrel-windows-x86_64