Last updated on 2024-03-29 12:54:03 CET.
Flavor | Version | Tinstall | Tcheck | Ttotal | Status | Flags |
---|---|---|---|---|---|---|
r-devel-linux-x86_64-debian-clang | 0.1.2 | 5.31 | 67.66 | 72.97 | NOTE | |
r-devel-linux-x86_64-debian-gcc | 0.1.2 | 6.80 | 52.03 | 58.83 | NOTE | |
r-devel-linux-x86_64-fedora-clang | 0.1.2 | 94.09 | NOTE | |||
r-devel-linux-x86_64-fedora-gcc | 0.1.2 | 90.68 | NOTE | |||
r-devel-windows-x86_64 | 0.1.2 | 7.00 | 64.00 | 71.00 | NOTE | |
r-patched-linux-x86_64 | 0.1.2 | 7.76 | 65.35 | 73.11 | NOTE | |
r-release-linux-x86_64 | 0.1.2 | 8.31 | 69.67 | 77.98 | NOTE | |
r-release-macos-arm64 | 0.1.2 | 33.00 | NOTE | |||
r-release-macos-x86_64 | 0.1.2 | 54.00 | NOTE | |||
r-release-windows-x86_64 | 0.1.2 | 10.00 | 79.00 | 89.00 | NOTE | |
r-oldrel-macos-arm64 | 0.1.2 | 31.00 | NOTE | |||
r-oldrel-windows-x86_64 | 0.1.2 | 10.00 | 85.00 | 95.00 | NOTE |
Version: 0.1.2
Check: package subdirectories
Result: NOTE
Problems with news in ‘NEWS.md’:
No news entries found.
Flavors: r-devel-linux-x86_64-debian-clang, r-devel-linux-x86_64-debian-gcc, r-devel-linux-x86_64-fedora-clang, r-devel-linux-x86_64-fedora-gcc, r-devel-windows-x86_64, r-patched-linux-x86_64, r-release-linux-x86_64, r-release-macos-arm64, r-release-macos-x86_64, r-release-windows-x86_64
Version: 0.1.2
Check: LazyData
Result: NOTE
'LazyData' is specified without a 'data' directory
Flavors: r-devel-linux-x86_64-debian-clang, r-devel-linux-x86_64-debian-gcc, r-devel-linux-x86_64-fedora-clang, r-devel-linux-x86_64-fedora-gcc, r-devel-windows-x86_64, r-patched-linux-x86_64, r-release-linux-x86_64, r-release-macos-arm64, r-release-macos-x86_64, r-release-windows-x86_64, r-oldrel-macos-arm64, r-oldrel-windows-x86_64
Version: 0.1.2
Check: dependencies in R code
Result: NOTE
Namespace in Imports field not imported from: ‘mvtnorm’
All declared Imports should be used.
Flavors: r-devel-linux-x86_64-fedora-clang, r-devel-linux-x86_64-fedora-gcc, r-oldrel-macos-arm64