Last updated on 2024-04-28 11:54:58 CEST.
Flavor | Version | Tinstall | Tcheck | Ttotal | Status | Flags |
---|---|---|---|---|---|---|
r-devel-linux-x86_64-debian-clang | 1.0.4 | 10.15 | 40.35 | 50.50 | OK | |
r-devel-linux-x86_64-debian-gcc | 1.0.4 | 8.98 | 32.58 | 41.56 | OK | |
r-devel-linux-x86_64-fedora-clang | 1.0.4 | 65.79 | NOTE | |||
r-devel-linux-x86_64-fedora-gcc | 1.0.4 | 65.08 | NOTE | |||
r-devel-windows-x86_64 | 1.0.4 | 17.00 | 59.00 | 76.00 | OK | |
r-patched-linux-x86_64 | 1.0.4 | 9.13 | 40.16 | 49.29 | OK | |
r-release-linux-x86_64 | 1.0.4 | 9.65 | 39.73 | 49.38 | OK | |
r-release-macos-arm64 | 1.0.4 | 31.00 | OK | |||
r-release-windows-x86_64 | 1.0.4 | 16.00 | 60.00 | 76.00 | OK | |
r-oldrel-macos-arm64 | 1.0.4 | 31.00 | OK | |||
r-oldrel-macos-x86_64 | 1.0.4 | 63.00 | OK | |||
r-oldrel-windows-x86_64 | 1.0.4 | 22.00 | 67.00 | 89.00 | OK |
Version: 1.0.4
Check: data for non-ASCII characters
Result: NOTE
Note: found 3 marked UTF-8 strings
Flavors: r-devel-linux-x86_64-fedora-clang, r-devel-linux-x86_64-fedora-gcc