CRAN Package Check Results for Package dendextend

Last updated on 2020-02-21 12:48:42 CET.

Flavor Version Tinstall Tcheck Ttotal Status Flags
r-devel-linux-x86_64-debian-clang 1.13.3 12.22 245.65 257.87 ERROR
r-devel-linux-x86_64-debian-gcc 1.13.3 11.25 225.32 236.57 NOTE
r-devel-linux-x86_64-fedora-clang 1.13.3 352.90 NOTE
r-devel-linux-x86_64-fedora-gcc 1.13.3 342.49 NOTE
r-devel-windows-ix86+x86_64 1.13.3 20.00 269.00 289.00 NOTE
r-devel-windows-ix86+x86_64-gcc8 1.13.3 32.00 377.00 409.00 NOTE
r-patched-linux-x86_64 1.13.3 10.70 301.36 312.06 OK
r-patched-solaris-x86 1.13.3 435.70 NOTE
r-release-linux-x86_64 1.13.3 10.31 301.98 312.29 NOTE
r-release-windows-ix86+x86_64 1.13.3 22.00 276.00 298.00 NOTE
r-release-osx-x86_64 1.13.3 NOTE
r-oldrel-windows-ix86+x86_64 1.13.3 17.00 269.00 286.00 NOTE
r-oldrel-osx-x86_64 1.13.3 NOTE

Check Details

Version: 1.13.3
Check: package dependencies
Result: NOTE
    Package suggested but not available for checking: 'profdpm'
Flavors: r-devel-linux-x86_64-debian-clang, r-devel-linux-x86_64-debian-gcc, r-devel-linux-x86_64-fedora-gcc, r-patched-solaris-x86, r-release-linux-x86_64

Version: 1.13.3
Check: tests
Result: ERROR
     Running 'test-all.R' [24s/26s]
    Running the tests in 'tests/test-all.R' failed.
    Complete output:
     > library(testthat)
     >
     > library(dendextend)
    
     ---------------------
     Welcome to dendextend version 1.13.3
     Type citation('dendextend') for how to cite the package.
    
     Type browseVignettes(package = 'dendextend') for the package vignette.
     The github page is: https://github.com/talgalili/dendextend/
    
     Suggestions and bug-reports can be submitted at: https://github.com/talgalili/dendextend/issues
     Or contact: <tal.galili@gmail.com>
    
     To suppress this message use: suppressPackageStartupMessages(library(dendextend))
     ---------------------
    
    
     Attaching package: 'dendextend'
    
     The following object is masked from 'package:stats':
    
     cutree
    
     > test_check("dendextend")
     Failed with error: 'there is no package called 'profdpm''
     Failed with error: 'there is no package called 'profdpm''
     Failed with error: 'there is no package called 'profdpm''
     Failed with error: 'there is no package called 'profdpm''
     Failed with error: 'there is no package called 'profdpm''
     Failed with error: 'there is no package called 'profdpm''
     Failed with error: 'there is no package called 'profdpm''
     Failed with error: 'there is no package called 'profdpm''
     Failed with error: 'there is no package called 'profdpm''
     Failed with error: 'there is no package called 'profdpm''
     Failed with error: 'there is no package called 'profdpm''
     Failed with error: 'there is no package called 'profdpm''
     Failed with error: 'there is no package called 'profdpm''
     Failed with error: 'there is no package called 'profdpm''
     Failed with error: 'there is no package called 'profdpm''
     Failed with error: 'there is no package called 'profdpm''
     Failed with error: 'there is no package called 'profdpm''
     Failed with error: 'there is no package called 'profdpm''
     Failed with error: 'there is no package called 'profdpm''
     Failed with error: 'there is no package called 'profdpm''
     Failed with error: 'there is no package called 'profdpm''
     Failed with error: 'there is no package called 'profdpm''
     Failed with error: 'there is no package called 'profdpm''
     Failed with error: 'there is no package called 'profdpm''
     -- 1. Failure: as.ggdend.dendrogram works (@test-ggdend.R#82) -----------------
     `gg1` not identical to `should_be`.
     Component "labels": Component "label": Modes: character, numeric
     Component "labels": Component "label": Attributes: < target is NULL, current is list >
     Component "labels": Component "label": target is character, current is factor
    
     -- 2. Failure: as.ggdend.dendrogram works (@test-ggdend.R#145) ----------------
     `gg2` not identical to `should_be`.
     Component "labels": Component "label": Modes: character, numeric
     Component "labels": Component "label": Attributes: < target is NULL, current is list >
     Component "labels": Component "label": target is character, current is factor
    
     Bootstrap (r = 0.4)... Done.
     Bootstrap (r = 0.6)... Done.
     Bootstrap (r = 0.8)... Done.
     Bootstrap (r = 1.0)... Done.
     Bootstrap (r = 1.2)... Done.
     Bootstrap (r = 1.4)... Done.
     == testthat results ===========================================================
     [ OK: 408 | SKIPPED: 0 | WARNINGS: 9 | FAILED: 2 ]
     1. Failure: as.ggdend.dendrogram works (@test-ggdend.R#82)
     2. Failure: as.ggdend.dendrogram works (@test-ggdend.R#145)
    
     Error: testthat unit tests failed
     Execution halted
Flavor: r-devel-linux-x86_64-debian-clang

Version: 1.13.3
Check: package dependencies
Result: NOTE
    Package suggested but not available for checking: ‘profdpm’
    
    Suggests orphaned packages:
     ‘d3heatmap’ ‘gplots’
Flavor: r-devel-linux-x86_64-fedora-clang

Version: 1.13.3
Check: installed package size
Result: NOTE
     installed size is 5.4Mb
     sub-directories of 1Mb or more:
     doc 4.2Mb
Flavors: r-devel-linux-x86_64-fedora-clang, r-devel-windows-ix86+x86_64, r-devel-windows-ix86+x86_64-gcc8, r-patched-solaris-x86, r-release-windows-ix86+x86_64, r-release-osx-x86_64, r-oldrel-windows-ix86+x86_64, r-oldrel-osx-x86_64

Version: 1.13.3
Check: Rd cross-references
Result: NOTE
    Package unavailable to check Rd xrefs: ‘WGCNA’
Flavor: r-release-osx-x86_64