CRAN Package Check Results for Package dendextend

Last updated on 2020-09-23 13:04:48 CEST.

Flavor Version Tinstall Tcheck Ttotal Status Flags
r-devel-linux-x86_64-debian-clang 1.14.0 12.13 248.80 260.93 OK
r-devel-linux-x86_64-debian-gcc 1.14.0 10.95 229.90 240.85 OK
r-devel-linux-x86_64-fedora-clang 1.14.0 372.75 NOTE
r-devel-linux-x86_64-fedora-gcc 1.14.0 423.83 OK
r-devel-windows-ix86+x86_64 1.14.0 26.00 327.00 353.00 NOTE
r-patched-linux-x86_64 1.14.0 14.47 290.42 304.89 OK
r-patched-solaris-x86 1.14.0 462.50 NOTE
r-release-linux-x86_64 1.14.0 12.31 294.36 306.67 OK
r-release-macos-x86_64 1.14.0 NOTE
r-release-windows-ix86+x86_64 1.14.0 29.00 355.00 384.00 NOTE
r-oldrel-macos-x86_64 1.14.0 NOTE
r-oldrel-windows-ix86+x86_64 1.14.0 14.00 244.00 258.00 NOTE

Check Details

Version: 1.14.0
Check: installed package size
Result: NOTE
     installed size is 5.4Mb
     sub-directories of 1Mb or more:
     doc 4.2Mb
Flavors: r-devel-linux-x86_64-fedora-clang, r-devel-windows-ix86+x86_64, r-patched-solaris-x86, r-release-macos-x86_64, r-release-windows-ix86+x86_64, r-oldrel-macos-x86_64, r-oldrel-windows-ix86+x86_64

Version: 1.14.0
Check: Rd cross-references
Result: NOTE
    Undeclared packages ‘WGCNA’, ‘moduleColor’, ‘distory’, ‘phangorn’, ‘zoo’ in Rd xrefs
Flavor: r-devel-linux-x86_64-fedora-clang

Version: 1.14.0
Check: Rd cross-references
Result: NOTE
    Package unavailable to check Rd xrefs: ‘WGCNA’
Flavor: r-oldrel-macos-x86_64