Last updated on 2024-04-23 12:49:25 CEST.
Flavor | Version | Tinstall | Tcheck | Ttotal | Status | Flags |
---|---|---|---|---|---|---|
r-devel-linux-x86_64-debian-clang | 0.3.0 | 55.76 | 81.82 | 137.58 | NOTE | |
r-devel-linux-x86_64-debian-gcc | 0.3.0 | 43.84 | 61.44 | 105.28 | NOTE | |
r-devel-linux-x86_64-fedora-clang | 0.3.0 | 182.34 | NOTE | |||
r-devel-linux-x86_64-fedora-gcc | 0.3.0 | 180.16 | NOTE | |||
r-prerel-macos-arm64 | 0.3.0 | 43.00 | NOTE | |||
r-prerel-windows-x86_64 | 0.3.0 | 43.00 | 107.00 | 150.00 | NOTE | |
r-patched-linux-x86_64 | 0.3.0 | 57.54 | 76.78 | 134.32 | NOTE | |
r-release-linux-x86_64 | 0.3.0 | 53.17 | 78.78 | 131.95 | NOTE | |
r-release-macos-arm64 | 0.3.0 | 50.00 | NOTE | |||
r-release-macos-x86_64 | 0.3.0 | 82.00 | NOTE | |||
r-release-windows-x86_64 | 0.3.0 | 53.00 | 123.00 | 176.00 | NOTE | |
r-oldrel-macos-arm64 | 0.3.0 | 50.00 | NOTE | |||
r-oldrel-windows-x86_64 | 0.3.0 | 53.00 | 114.00 | 167.00 | NOTE |
Version: 0.3.0
Check: LazyData
Result: NOTE
'LazyData' is specified without a 'data' directory
Flavors: r-devel-linux-x86_64-debian-clang, r-devel-linux-x86_64-debian-gcc, r-devel-linux-x86_64-fedora-clang, r-devel-linux-x86_64-fedora-gcc, r-prerel-macos-arm64, r-prerel-windows-x86_64, r-patched-linux-x86_64, r-release-linux-x86_64, r-release-macos-arm64, r-release-macos-x86_64, r-release-windows-x86_64, r-oldrel-macos-arm64, r-oldrel-windows-x86_64