Last updated on 2023-09-23 21:52:43 CEST.
Flavor | Version | Tinstall | Tcheck | Ttotal | Status | Flags |
---|---|---|---|---|---|---|
r-devel-linux-x86_64-debian-clang | 0.3.0 | 56.33 | 82.44 | 138.77 | NOTE | |
r-devel-linux-x86_64-debian-gcc | 0.3.0 | 39.43 | 60.91 | 100.34 | NOTE | |
r-devel-linux-x86_64-fedora-clang | 0.3.0 | 176.60 | NOTE | |||
r-devel-linux-x86_64-fedora-gcc | 0.3.0 | 181.09 | NOTE | |||
r-devel-windows-x86_64 | 0.3.0 | 45.00 | 107.00 | 152.00 | NOTE | |
r-patched-linux-x86_64 | 0.3.0 | 56.86 | 77.92 | 134.78 | NOTE | |
r-release-linux-x86_64 | 0.3.0 | 50.87 | 77.87 | 128.74 | NOTE | |
r-release-macos-arm64 | 0.3.0 | 50.00 | NOTE | |||
r-release-macos-x86_64 | 0.3.0 | 82.00 | NOTE | |||
r-release-windows-x86_64 | 0.3.0 | 56.00 | 120.00 | 176.00 | NOTE | |
r-oldrel-macos-arm64 | 0.3.0 | 50.00 | NOTE | |||
r-oldrel-macos-x86_64 | 0.3.0 | 89.00 | NOTE | |||
r-oldrel-windows-x86_64 | 0.3.0 | 52.00 | 112.00 | 164.00 | NOTE |
Version: 0.3.0
Check: LazyData
Result: NOTE
'LazyData' is specified without a 'data' directory
Flavors: r-devel-linux-x86_64-debian-clang, r-devel-linux-x86_64-debian-gcc, r-devel-linux-x86_64-fedora-clang, r-devel-linux-x86_64-fedora-gcc, r-devel-windows-x86_64, r-patched-linux-x86_64, r-release-linux-x86_64, r-release-macos-arm64, r-release-macos-x86_64, r-release-windows-x86_64, r-oldrel-macos-arm64, r-oldrel-macos-x86_64, r-oldrel-windows-x86_64