CRAN Package Check Results for Package deformula

Last updated on 2025-04-30 12:49:01 CEST.

Flavor Version Tinstall Tcheck Ttotal Status Flags
r-devel-linux-x86_64-debian-clang 0.1.2 9.96 24.32 34.28 NOTE
r-devel-linux-x86_64-debian-gcc 0.1.2 6.96 20.30 27.26 NOTE
r-devel-linux-x86_64-fedora-clang 0.1.2 57.48 NOTE
r-devel-linux-x86_64-fedora-gcc 0.1.2 53.31 NOTE
r-devel-windows-x86_64 0.1.2 12.00 65.00 77.00 NOTE
r-patched-linux-x86_64 0.1.2 9.92 22.24 32.16 NOTE
r-release-linux-x86_64 0.1.2 9.90 22.57 32.47 NOTE
r-release-macos-arm64 0.1.2 22.00 NOTE
r-release-macos-x86_64 0.1.2 35.00 NOTE
r-release-windows-x86_64 0.1.2 12.00 60.00 72.00 NOTE
r-oldrel-macos-arm64 0.1.2 21.00 NOTE
r-oldrel-macos-x86_64 0.1.2 37.00 NOTE
r-oldrel-windows-x86_64 0.1.2 12.00 69.00 81.00 NOTE

Check Details

Version: 0.1.2
Check: C++ specification
Result: NOTE Specified C++11: please drop specification unless essential Flavors: r-devel-linux-x86_64-debian-clang, r-devel-linux-x86_64-debian-gcc, r-devel-linux-x86_64-fedora-clang, r-devel-linux-x86_64-fedora-gcc, r-devel-windows-x86_64, r-patched-linux-x86_64, r-release-linux-x86_64, r-release-macos-arm64, r-release-macos-x86_64, r-release-windows-x86_64, r-oldrel-macos-arm64, r-oldrel-macos-x86_64, r-oldrel-windows-x86_64