Last updated on 2022-05-25 11:51:02 CEST.
Flavor | Version | Tinstall | Tcheck | Ttotal | Status | Flags |
---|---|---|---|---|---|---|
r-devel-linux-x86_64-debian-clang | 0.2 | 2.95 | 33.64 | 36.59 | NOTE | |
r-devel-linux-x86_64-debian-gcc | 0.2 | 2.09 | 26.70 | 28.79 | NOTE | |
r-devel-linux-x86_64-fedora-clang | 0.2 | 44.60 | NOTE | |||
r-devel-linux-x86_64-fedora-gcc | 0.2 | 43.49 | NOTE | |||
r-devel-windows-x86_64 | 0.2 | 17.00 | 52.00 | 69.00 | NOTE | |
r-patched-linux-x86_64 | 0.2 | 2.63 | 33.02 | 35.65 | NOTE | |
r-release-linux-x86_64 | 0.2 | NOTE | ||||
r-release-macos-arm64 | 0.2 | 15.00 | NOTE | |||
r-release-macos-x86_64 | 0.2 | 21.00 | NOTE | |||
r-release-windows-x86_64 | 0.2 | 6.00 | 50.00 | 56.00 | NOTE | |
r-oldrel-macos-arm64 | 0.2 | 18.00 | NOTE | |||
r-oldrel-macos-x86_64 | 0.2 | 28.00 | NOTE | |||
r-oldrel-windows-ix86+x86_64 | 0.2 | 5.00 | 29.00 | 34.00 | NOTE |
Version: 0.2
Check: R code for possible problems
Result: NOTE
binary.state: no visible global function definition for 'runif'
dbn.dnn.train: no visible global function definition for 'runif'
dropout.mask: no visible global function definition for 'runif'
nn.train: no visible global function definition for 'runif'
rbm.train: no visible global function definition for 'runif'
sae.dnn.train: no visible global function definition for 'runif'
show.digit: no visible global function definition for 'gray'
show.digit: no visible global function definition for 'image'
Undefined global functions or variables:
gray image runif
Consider adding
importFrom("grDevices", "gray")
importFrom("graphics", "image")
importFrom("stats", "runif")
to your NAMESPACE file.
Flavors: r-devel-linux-x86_64-debian-clang, r-devel-linux-x86_64-debian-gcc, r-devel-linux-x86_64-fedora-clang, r-devel-linux-x86_64-fedora-gcc, r-devel-windows-x86_64, r-patched-linux-x86_64, r-release-linux-x86_64, r-release-macos-arm64, r-release-macos-x86_64, r-release-windows-x86_64, r-oldrel-macos-arm64, r-oldrel-macos-x86_64, r-oldrel-windows-ix86+x86_64