Last updated on 2024-04-19 06:03:12 CEST.
Flavor | Version | Tinstall | Tcheck | Ttotal | Status | Flags |
---|---|---|---|---|---|---|
r-devel-linux-x86_64-debian-clang | 1.2 | 8.02 | 78.41 | 86.43 | NOTE | |
r-devel-linux-x86_64-debian-gcc | 1.2 | NOTE | ||||
r-devel-linux-x86_64-fedora-clang | 1.2 | 108.55 | NOTE | |||
r-devel-linux-x86_64-fedora-gcc | 1.2 | 103.53 | NOTE | |||
r-prerel-macos-arm64 | 1.2 | 34.00 | NOTE | |||
r-prerel-windows-x86_64 | 1.2 | 8.00 | 77.00 | 85.00 | NOTE | |
r-patched-linux-x86_64 | 1.2 | 9.62 | 77.27 | 86.89 | NOTE | |
r-release-linux-x86_64 | 1.2 | 8.52 | 79.64 | 88.16 | OK | |
r-release-macos-arm64 | 1.2 | 36.00 | OK | |||
r-release-macos-x86_64 | 1.2 | 85.00 | OK | |||
r-release-windows-x86_64 | 1.2 | 10.00 | 90.00 | 100.00 | OK | |
r-oldrel-macos-arm64 | 1.2 | 31.00 | OK | |||
r-oldrel-windows-x86_64 | 1.2 | 11.00 | 90.00 | 101.00 | OK |
Version: 1.2
Check: Rd files
Result: NOTE
checkRd: (-1) deepNN-package.Rd:18: Lost braces
18 | section{Dependencies}{
| ^
checkRd: (-1) deepNN-package.Rd:18-21: Lost braces
18 | section{Dependencies}{
| ^
checkRd: (-1) deepNN-package.Rd:23: Lost braces
23 | section{Citation}{
| ^
checkRd: (-1) deepNN-package.Rd:23-25: Lost braces
23 | section{Citation}{
| ^
checkRd: (-1) deepNN-package.Rd:27-38: Lost braces
27 | references{
| ^
Flavors: r-devel-linux-x86_64-debian-clang, r-devel-linux-x86_64-debian-gcc, r-devel-linux-x86_64-fedora-clang, r-devel-linux-x86_64-fedora-gcc, r-prerel-macos-arm64, r-prerel-windows-x86_64, r-patched-linux-x86_64