Last updated on 2025-02-04 03:49:46 CET.
Flavor | Version | Tinstall | Tcheck | Ttotal | Status | Flags |
---|---|---|---|---|---|---|
r-devel-linux-x86_64-debian-clang | 0.1.0 | 1.51 | 15.73 | 17.24 | OK | |
r-devel-linux-x86_64-debian-gcc | 0.1.0 | 1.28 | 13.22 | 14.50 | OK | |
r-devel-linux-x86_64-fedora-clang | 0.1.0 | 28.86 | OK | |||
r-devel-linux-x86_64-fedora-gcc | 0.1.0 | 27.28 | OK | |||
r-devel-windows-x86_64 | 0.1.0 | 2.00 | 35.00 | 37.00 | OK | |
r-patched-linux-x86_64 | 0.1.0 | 1.59 | 14.88 | 16.47 | NOTE | |
r-release-linux-x86_64 | 0.1.0 | 1.59 | 15.10 | 16.69 | NOTE | |
r-release-macos-arm64 | 0.1.0 | 12.00 | NOTE | |||
r-release-macos-x86_64 | 0.1.0 | 19.00 | NOTE | |||
r-release-windows-x86_64 | 0.1.0 | 3.00 | 34.00 | 37.00 | NOTE | |
r-oldrel-macos-arm64 | 0.1.0 | 14.00 | NOTE | |||
r-oldrel-macos-x86_64 | 0.1.0 | 18.00 | NOTE | |||
r-oldrel-windows-x86_64 | 0.1.0 | 2.00 | 33.00 | 35.00 | NOTE |
Version: 0.1.0
Check: LazyData
Result: NOTE
'LazyData' is specified without a 'data' directory
Flavors: r-patched-linux-x86_64, r-release-linux-x86_64, r-release-macos-arm64, r-release-macos-x86_64, r-release-windows-x86_64, r-oldrel-macos-arm64, r-oldrel-macos-x86_64, r-oldrel-windows-x86_64